{"id":8776,"date":"2020-11-13T20:41:53","date_gmt":"2020-11-13T18:41:53","guid":{"rendered":"https:\/\/test.imprimetresde.com\/?post_type=product&#038;p=8776"},"modified":"2024-03-14T19:30:29","modified_gmt":"2024-03-14T17:30:29","slug":"colgante-cunca","status":"publish","type":"product","link":"https:\/\/test.imprimetresde.com\/gl\/produto\/colgante-cunca\/","title":{"rendered":"Colar Cunca"},"content":{"rendered":"<p>Collar <a href=\"https:\/\/gl.wikipedia.org\/wiki\/Cunca\">Cunca<\/a> dese\u00f1ado por\u00a0<a href=\"https:\/\/test.imprimetresde.com\/gl\/\">Imprimetresde<\/a>. Orixinal colar de cunca, inspirado na tradicional cunca para beber o vi\u00f1o, t\u00edpica da Galiza. Para darlle o toque m\u00e1is enxebre ao teu look!<\/p>\n<p>*O material no que est\u00e1 realizado \u00e9 <a href=\"https:\/\/test.imprimetresde.com\/gl\/o-noso-material-de-impresion-o-pla-polimero-biodegradabel-procedente-de-recursos-vexetais\/\">PLA<\/a>, material procedente de materia vexetal, biodegrad\u00e1bel, non t\u00f3xico e ecol\u00f3xico.<\/p>\n","protected":false},"excerpt":{"rendered":"<p>Colar <a href=\"https:\/\/gl.wikipedia.org\/wiki\/Cunca\">Cunca<\/a> dese\u00f1ado por\u00a0<a href=\"https:\/\/test.imprimetresde.com\/gl\/\">Imprimetresde<\/a>. Orixinal colar de cunca, inspirado na tradicional cunca para beber o vi\u00f1o, t\u00edpica da Galiza. Para darlle o toque m\u00e1is enxebre ao teu look!<\/p>\n","protected":false},"featured_media":8817,"comment_status":"open","ping_status":"closed","template":"","meta":{"_vp_format_video_url":"","_vp_image_focal_point":[]},"product_brand":[],"product_cat":[421,1312,315,316],"product_tag":[388,358,513,878,1395,879,880,1536,2508,2507,260,392,1384,908,512,386,391,390],"class_list":{"0":"post-8776","1":"product","2":"type-product","3":"status-publish","4":"has-post-thumbnail","6":"product_cat-activismo","7":"product_cat-colgantes-gl","8":"product_cat-complementos-gl","9":"product_cat-cultura-gl","10":"product_tag-colar","11":"product_tag-colgante-gl","12":"product_tag-cultura","13":"product_tag-cunca","14":"product_tag-ecoloxico","15":"product_tag-enxebre","16":"product_tag-furancho","17":"product_tag-gastronomica","18":"product_tag-impresion-3d-a-coruna","19":"product_tag-impresion-3d-coruna","20":"product_tag-pla-gl","21":"product_tag-ribeiro","22":"product_tag-souvenir","23":"product_tag-taza","24":"product_tag-tradicional","25":"product_tag-vino","26":"product_tag-xarra","27":"product_tag-xerra","29":"first","30":"instock","31":"taxable","32":"shipping-taxable","33":"purchasable","34":"product-type-simple"},"exclude_global_add_ons":false,"addons":[{"name":"Material da Cadea (opcional)","type":"checkbox","position":0,"required":false,"title_format":"label","default":"","description_enable":true,"description":"Opci\u00f3n de facer a peza con cadea e accesorios de prata 925, de primera lei.","placeholder_enable":false,"placeholder":"","display":"select","restrictions_type":"any_text","adjust_price":false,"price":"","price_type":"flat_fee","restrictions":false,"min":"0","max":"0","options":[{"label":"Prata","price":"10","price_type":"flat_fee","image":0,"visibility":true}]}],"_links":{"self":[{"href":"https:\/\/test.imprimetresde.com\/gl\/wp-json\/wp\/v2\/product\/8776","targetHints":{"allow":["GET"]}}],"collection":[{"href":"https:\/\/test.imprimetresde.com\/gl\/wp-json\/wp\/v2\/product"}],"about":[{"href":"https:\/\/test.imprimetresde.com\/gl\/wp-json\/wp\/v2\/types\/product"}],"replies":[{"embeddable":true,"href":"https:\/\/test.imprimetresde.com\/gl\/wp-json\/wp\/v2\/comments?post=8776"}],"wp:featuredmedia":[{"embeddable":true,"href":"https:\/\/test.imprimetresde.com\/gl\/wp-json\/wp\/v2\/media\/8817"}],"wp:attachment":[{"href":"https:\/\/test.imprimetresde.com\/gl\/wp-json\/wp\/v2\/media?parent=8776"}],"wp:term":[{"taxonomy":"product_brand","embeddable":true,"href":"https:\/\/test.imprimetresde.com\/gl\/wp-json\/wp\/v2\/product_brand?post=8776"},{"taxonomy":"product_cat","embeddable":true,"href":"https:\/\/test.imprimetresde.com\/gl\/wp-json\/wp\/v2\/product_cat?post=8776"},{"taxonomy":"product_tag","embeddable":true,"href":"https:\/\/test.imprimetresde.com\/gl\/wp-json\/wp\/v2\/product_tag?post=8776"}],"curies":[{"name":"wp","href":"https:\/\/api.w.org\/{rel}","templated":true}]}}

<p>Collar <a href="https://gl.wikipedia.org/wiki/Cunca">Cunca</a> deseñado por <a href="https://test.imprimetresde.com/gl/">Imprimetresde</a>. Orixinal colar de cunca, inspirado na tradicional cunca para beber o viño, típica da Galiza. Para darlle o toque máis enxebre ao teu look!</p>
<p>*O material no que está realizado é <a href="https://test.imprimetresde.com/gl/o-noso-material-de-impresion-o-pla-polimero-biodegradabel-procedente-de-recursos-vexetais/">PLA</a>, material procedente de materia vexetal, biodegradábel, non tóxico e ecolóxico.</p>

<p>Colar <a href="https://gl.wikipedia.org/wiki/Cunca">Cunca</a> deseñado por <a href="https://test.imprimetresde.com/gl/">Imprimetresde</a>. Orixinal colar de cunca, inspirado na tradicional cunca para beber o viño, típica da Galiza. Para darlle o toque máis enxebre ao teu look!</p>

Opción de facer a peza con cadea e accesorios de prata 925, de primera lei.
