{"id":8881,"date":"2020-11-30T13:58:27","date_gmt":"2020-11-30T11:58:27","guid":{"rendered":"https:\/\/test.imprimetresde.com\/?post_type=product&#038;p=8881"},"modified":"2024-03-14T19:25:49","modified_gmt":"2024-03-14T17:25:49","slug":"torre-decorativa","status":"publish","type":"product","link":"https:\/\/test.imprimetresde.com\/gl\/produto\/torre-decorativa\/","title":{"rendered":"Torre Decorativa"},"content":{"rendered":"<p>Torre Decorativa para a \u00e1rbore de Nadal feita pola equipa de <a href=\"https:\/\/test.imprimetresde.com\/\">Imprimetresde<\/a> . Figura decorativa ca forma da <a href=\"https:\/\/gl.wikipedia.org\/wiki\/Torre_de_H%C3%A9rcules\">Torre de H\u00e9rcules<\/a> da Coru\u00f1a, declarada Patrimonio da Humanidade no 2009. Non pode haber nada m\u00e1is orixinal para decorar a \u00e1rbore ou darlle un toque ben coru\u00f1es \u00e1 t\u00faa casa.<\/p>\n<p>*O material no que est\u00e1 realizado \u00e9\u00a0<a href=\"https:\/\/test.imprimetresde.com\/nuestro-material-de-impresion-el-pla-polimero-biodegradable-procedente-de-recursos-vegetales\/\">PLA<\/a>, material procedente de materia vexetal,\u00a0<a href=\"https:\/\/es.wikipedia.org\/wiki\/Biodegradabilidad\">biodegrad\u00e1bel<\/a>, non t\u00f3xico e ecol\u00f3xico<\/p>\n","protected":false},"excerpt":{"rendered":"<p>Torre Decorativa para a \u00e1rbore de Nadal feita pola equipa de <a href=\"https:\/\/test.imprimetresde.com\/\">Imprimetresde<\/a> . Figura decorativa ca forma da <a href=\"https:\/\/gl.wikipedia.org\/wiki\/Torre_de_H%C3%A9rcules\">Torre de H\u00e9rcules<\/a> da Coru\u00f1a, declarada Patrimonio da Humanidade no 2009. Non pode haber nada m\u00e1is orixinal para decorar a \u00e1rbore ou darlle un toque ben coru\u00f1es \u00e1 t\u00faa casa.<\/p>\n<p>&nbsp;<\/p>\n","protected":false},"featured_media":10335,"comment_status":"open","ping_status":"closed","template":"","meta":{"_vp_format_video_url":"","_vp_image_focal_point":[]},"product_brand":[],"product_cat":[316,313,319],"product_tag":[550,1603,1489,210,1483,2101,1488,235,2508,2507,2099,1481,1487,1456,1490,1760,1384,1377,1604],"class_list":{"0":"post-8881","1":"product","2":"type-product","3":"status-publish","4":"has-post-thumbnail","6":"product_cat-cultura-gl","7":"product_cat-ambiente-gl","8":"product_cat-iluminacion-gl","9":"product_tag-arbore","10":"product_tag-casa","11":"product_tag-coruna","12":"product_tag-decoracion-gl","13":"product_tag-decorativa","14":"product_tag-domus-gl","15":"product_tag-faro","16":"product_tag-figura-gl","17":"product_tag-impresion-3d-a-coruna","18":"product_tag-impresion-3d-coruna","19":"product_tag-lugar-de-traballo","20":"product_tag-nadal","21":"product_tag-natal","22":"product_tag-oficina","23":"product_tag-patrimonio-da-humanidade","24":"product_tag-recordo-da-coruna","25":"product_tag-souvenir","26":"product_tag-torre-de-hercules-gl-2","27":"product_tag-traballo","29":"first","30":"instock","31":"sale","32":"taxable","33":"shipping-taxable","34":"purchasable","35":"product-type-variable"},"exclude_global_add_ons":[],"addons":[],"_links":{"self":[{"href":"https:\/\/test.imprimetresde.com\/gl\/wp-json\/wp\/v2\/product\/8881","targetHints":{"allow":["GET"]}}],"collection":[{"href":"https:\/\/test.imprimetresde.com\/gl\/wp-json\/wp\/v2\/product"}],"about":[{"href":"https:\/\/test.imprimetresde.com\/gl\/wp-json\/wp\/v2\/types\/product"}],"replies":[{"embeddable":true,"href":"https:\/\/test.imprimetresde.com\/gl\/wp-json\/wp\/v2\/comments?post=8881"}],"wp:featuredmedia":[{"embeddable":true,"href":"https:\/\/test.imprimetresde.com\/gl\/wp-json\/wp\/v2\/media\/10335"}],"wp:attachment":[{"href":"https:\/\/test.imprimetresde.com\/gl\/wp-json\/wp\/v2\/media?parent=8881"}],"wp:term":[{"taxonomy":"product_brand","embeddable":true,"href":"https:\/\/test.imprimetresde.com\/gl\/wp-json\/wp\/v2\/product_brand?post=8881"},{"taxonomy":"product_cat","embeddable":true,"href":"https:\/\/test.imprimetresde.com\/gl\/wp-json\/wp\/v2\/product_cat?post=8881"},{"taxonomy":"product_tag","embeddable":true,"href":"https:\/\/test.imprimetresde.com\/gl\/wp-json\/wp\/v2\/product_tag?post=8881"}],"curies":[{"name":"wp","href":"https:\/\/api.w.org\/{rel}","templated":true}]}}

<p>Torre Decorativa para a árbore de Nadal feita pola equipa de <a href="https://test.imprimetresde.com/">Imprimetresde</a> . Figura decorativa ca forma da <a href="https://gl.wikipedia.org/wiki/Torre_de_H%C3%A9rcules">Torre de Hércules</a> da Coruña, declarada Patrimonio da Humanidade no 2009. Non pode haber nada máis orixinal para decorar a árbore ou darlle un toque ben coruñes á túa casa.</p>
<p>*O material no que está realizado é <a href="https://test.imprimetresde.com/nuestro-material-de-impresion-el-pla-polimero-biodegradable-procedente-de-recursos-vegetales/">PLA</a>, material procedente de materia vexetal, <a href="https://es.wikipedia.org/wiki/Biodegradabilidad">biodegradábel</a>, non tóxico e ecolóxico</p>

<p>Torre Decorativa para a árbore de Nadal feita pola equipa de <a href="https://test.imprimetresde.com/">Imprimetresde</a> . Figura decorativa ca forma da <a href="https://gl.wikipedia.org/wiki/Torre_de_H%C3%A9rcules">Torre de Hércules</a> da Coruña, declarada Patrimonio da Humanidade no 2009. Non pode haber nada máis orixinal para decorar a árbore ou darlle un toque ben coruñes á túa casa.</p>
<p>&nbsp;</p>
