{"id":8958,"date":"2020-12-02T13:48:40","date_gmt":"2020-12-02T11:48:40","guid":{"rendered":"https:\/\/test.imprimetresde.com\/?post_type=product&#038;p=8958"},"modified":"2025-03-11T13:55:42","modified_gmt":"2025-03-11T11:55:42","slug":"torre-farolino","status":"publish","type":"product","link":"https:\/\/test.imprimetresde.com\/gl\/produto\/torre-farolino\/","title":{"rendered":"Torre Faroli\u00f1o"},"content":{"rendered":"<p>Torre Faroli\u00f1o de Nadal feita pola equipa de <a href=\"https:\/\/test.imprimetresde.com\/\">Imprimetresde<\/a> . Figura decorativa con luz ca forma da <a href=\"https:\/\/gl.wikipedia.org\/wiki\/Torre_de_H%C3%A9rcules\">Torre de H\u00e9rcules<\/a> da Coru\u00f1a, declarada Patrimonio da Humanidade no 2009.<\/p>\n<p>Non pode haber nada m\u00e1is orixinal para decorar a \u00e1rbore ou darlle un toque ben coru\u00f1es \u00e1 t\u00faa casa.<\/p>\n<p>*Candea LED e pila CR 2032 inclu\u00edda.<\/p>\n<p>**O material no que est\u00e1 realizado \u00e9\u00a0<a href=\"https:\/\/test.imprimetresde.com\/nuestro-material-de-impresion-el-pla-polimero-biodegradable-procedente-de-recursos-vegetales\/\">PLA<\/a>, material procedente de materia vexetal,\u00a0<a href=\"https:\/\/es.wikipedia.org\/wiki\/Biodegradabilidad\">biodegrad\u00e1bel<\/a>, non t\u00f3xico e ecol\u00f3xico<\/p>\n","protected":false},"excerpt":{"rendered":"<p>Torre Faroli\u00f1o de Nadal feita pola equipa de <a href=\"https:\/\/test.imprimetresde.com\/\">Imprimetresde<\/a> . Figura decorativa con luz ca forma da <a href=\"https:\/\/gl.wikipedia.org\/wiki\/Torre_de_H%C3%A9rcules\">Torre de H\u00e9rcules<\/a> da Coru\u00f1a, declarada Patrimonio da Humanidade no 2009.<\/p>\n<p>Non pode haber nada m\u00e1is orixinal para decorar a \u00e1rbore ou darlle un toque ben coru\u00f1es \u00e1 t\u00faa casa.<\/p>\n<p>*Candea LED e pila CR 2032 inclu\u00edda.<\/p>\n","protected":false},"featured_media":8962,"comment_status":"open","ping_status":"closed","template":"","meta":{"_vp_format_video_url":"","_vp_image_focal_point":[]},"product_brand":[],"product_cat":[316,313,319],"product_tag":[587,1509,566,2100,1603,1685,210,892,1114,1115,2101,1488,2115,479,463,2508,2507,2099,1546,1481,1456,1490,1760,968,1911,1384,1506,1377],"class_list":{"0":"post-8958","1":"product","2":"type-product","3":"status-publish","4":"has-post-thumbnail","6":"product_cat-cultura-gl","7":"product_cat-ambiente-gl","8":"product_cat-iluminacion-gl","9":"product_tag-a-coruna-gl","10":"product_tag-adorno","11":"product_tag-agasallo","12":"product_tag-cadro","13":"product_tag-casa","14":"product_tag-deco-gl","15":"product_tag-decoracion-gl","16":"product_tag-decorativo","17":"product_tag-dia-da-nai","18":"product_tag-dia-do-pai","19":"product_tag-domus-gl","20":"product_tag-faro","21":"product_tag-farolino","22":"product_tag-galicia","23":"product_tag-galiza","24":"product_tag-impresion-3d-a-coruna","25":"product_tag-impresion-3d-coruna","26":"product_tag-lugar-de-traballo","27":"product_tag-monumento-gl","28":"product_tag-nadal","29":"product_tag-oficina","30":"product_tag-patrimonio-da-humanidade","31":"product_tag-recordo-da-coruna","32":"product_tag-regalo-gl","33":"product_tag-romano-luz","34":"product_tag-souvenir","35":"product_tag-torre","36":"product_tag-torre-de-hercules-gl-2","38":"first","39":"instock","40":"sale","41":"taxable","42":"shipping-taxable","43":"purchasable","44":"product-type-variable"},"exclude_global_add_ons":[],"addons":[],"_links":{"self":[{"href":"https:\/\/test.imprimetresde.com\/gl\/wp-json\/wp\/v2\/product\/8958","targetHints":{"allow":["GET"]}}],"collection":[{"href":"https:\/\/test.imprimetresde.com\/gl\/wp-json\/wp\/v2\/product"}],"about":[{"href":"https:\/\/test.imprimetresde.com\/gl\/wp-json\/wp\/v2\/types\/product"}],"replies":[{"embeddable":true,"href":"https:\/\/test.imprimetresde.com\/gl\/wp-json\/wp\/v2\/comments?post=8958"}],"wp:featuredmedia":[{"embeddable":true,"href":"https:\/\/test.imprimetresde.com\/gl\/wp-json\/wp\/v2\/media\/8962"}],"wp:attachment":[{"href":"https:\/\/test.imprimetresde.com\/gl\/wp-json\/wp\/v2\/media?parent=8958"}],"wp:term":[{"taxonomy":"product_brand","embeddable":true,"href":"https:\/\/test.imprimetresde.com\/gl\/wp-json\/wp\/v2\/product_brand?post=8958"},{"taxonomy":"product_cat","embeddable":true,"href":"https:\/\/test.imprimetresde.com\/gl\/wp-json\/wp\/v2\/product_cat?post=8958"},{"taxonomy":"product_tag","embeddable":true,"href":"https:\/\/test.imprimetresde.com\/gl\/wp-json\/wp\/v2\/product_tag?post=8958"}],"curies":[{"name":"wp","href":"https:\/\/api.w.org\/{rel}","templated":true}]}}

Torre Faroliño

<p>Torre Faroliño de Nadal feita pola equipa de <a href="https://test.imprimetresde.com/">Imprimetresde</a> . Figura decorativa con luz ca forma da <a href="https://gl.wikipedia.org/wiki/Torre_de_H%C3%A9rcules">Torre de Hércules</a> da Coruña, declarada Patrimonio da Humanidade no 2009.</p>
<p>Non pode haber nada máis orixinal para decorar a árbore ou darlle un toque ben coruñes á túa casa.</p>
<p>*Candea LED e pila CR 2032 incluída.</p>
<p>**O material no que está realizado é <a href="https://test.imprimetresde.com/nuestro-material-de-impresion-el-pla-polimero-biodegradable-procedente-de-recursos-vegetales/">PLA</a>, material procedente de materia vexetal, <a href="https://es.wikipedia.org/wiki/Biodegradabilidad">biodegradábel</a>, non tóxico e ecolóxico</p>

<p>Torre Faroliño de Nadal feita pola equipa de <a href="https://test.imprimetresde.com/">Imprimetresde</a> . Figura decorativa con luz ca forma da <a href="https://gl.wikipedia.org/wiki/Torre_de_H%C3%A9rcules">Torre de Hércules</a> da Coruña, declarada Patrimonio da Humanidade no 2009.</p>
<p>Non pode haber nada máis orixinal para decorar a árbore ou darlle un toque ben coruñes á túa casa.</p>
<p>*Candea LED e pila CR 2032 incluída.</p>
