{"id":9512,"date":"2021-02-02T14:39:19","date_gmt":"2021-02-02T12:39:19","guid":{"rendered":"https:\/\/test.imprimetresde.com\/?post_type=product&#038;p=9512"},"modified":"2025-09-17T13:17:30","modified_gmt":"2025-09-17T11:17:30","slug":"chaveiro-folla-de-carballo","status":"publish","type":"product","link":"https:\/\/test.imprimetresde.com\/gl\/produto\/chaveiro-folla-de-carballo\/","title":{"rendered":"Chaveiro Folla de Carballo"},"content":{"rendered":"<p>Chaveiro Folla de <a href=\"https:\/\/gl.wikipedia.org\/wiki\/Carballo_com%C3%BAn\">Carballo<\/a>, dese\u00f1o orixinal de I3D. Feito madeira, con moito estilo en homenaxe a unha das nosas \u00e1rbores m\u00e1is queridas, o Carballo.<\/p>\n<p>*O material no que est\u00e1 realizado \u00e9 <a href=\"https:\/\/test.imprimetresde.com\/gl\/o-noso-material-de-impresion-o-pla-polimero-biodegradabel-procedente-de-recursos-vexetais\/\">PLA<\/a> (material procedente de materia vexetal, biodegrad\u00e1bel, non t\u00f3xico e ecol\u00f3xico) e m\u00e1is un 80% de madeira.<\/p>\n","protected":false},"excerpt":{"rendered":"<p>Chaveiro Folla de <a href=\"https:\/\/gl.wikipedia.org\/wiki\/Carballo_com%C3%BAn\">Carballo<\/a>, dese\u00f1o orixinal de I3D. Feito madeira, con moito estilo en homenaxe a unha das nosas \u00e1rbores m\u00e1is queridas, o Carballo.<\/p>\n","protected":false},"featured_media":9528,"comment_status":"open","ping_status":"closed","template":"","meta":{"_vp_format_video_url":"","_vp_image_focal_point":[]},"product_brand":[],"product_cat":[315,316],"product_tag":[1618,431,256,1114,1115,549,479,463,2508,2507,1619,1328,439,968,1384],"class_list":{"0":"post-9512","1":"product","2":"type-product","3":"status-publish","4":"has-post-thumbnail","6":"product_cat-complementos-gl","7":"product_cat-cultura-gl","8":"product_tag-arbores","9":"product_tag-carballo-gl","10":"product_tag-chaveiro","11":"product_tag-dia-da-nai","12":"product_tag-dia-do-pai","13":"product_tag-folla-de-carballo","14":"product_tag-galicia","15":"product_tag-galiza","16":"product_tag-impresion-3d-a-coruna","17":"product_tag-impresion-3d-coruna","18":"product_tag-landra","19":"product_tag-orixinal","20":"product_tag-outono","21":"product_tag-regalo-gl","22":"product_tag-souvenir","24":"first","25":"instock","26":"sale","27":"taxable","28":"shipping-taxable","29":"purchasable","30":"product-type-simple"},"exclude_global_add_ons":[],"addons":[],"_links":{"self":[{"href":"https:\/\/test.imprimetresde.com\/gl\/wp-json\/wp\/v2\/product\/9512","targetHints":{"allow":["GET"]}}],"collection":[{"href":"https:\/\/test.imprimetresde.com\/gl\/wp-json\/wp\/v2\/product"}],"about":[{"href":"https:\/\/test.imprimetresde.com\/gl\/wp-json\/wp\/v2\/types\/product"}],"replies":[{"embeddable":true,"href":"https:\/\/test.imprimetresde.com\/gl\/wp-json\/wp\/v2\/comments?post=9512"}],"wp:featuredmedia":[{"embeddable":true,"href":"https:\/\/test.imprimetresde.com\/gl\/wp-json\/wp\/v2\/media\/9528"}],"wp:attachment":[{"href":"https:\/\/test.imprimetresde.com\/gl\/wp-json\/wp\/v2\/media?parent=9512"}],"wp:term":[{"taxonomy":"product_brand","embeddable":true,"href":"https:\/\/test.imprimetresde.com\/gl\/wp-json\/wp\/v2\/product_brand?post=9512"},{"taxonomy":"product_cat","embeddable":true,"href":"https:\/\/test.imprimetresde.com\/gl\/wp-json\/wp\/v2\/product_cat?post=9512"},{"taxonomy":"product_tag","embeddable":true,"href":"https:\/\/test.imprimetresde.com\/gl\/wp-json\/wp\/v2\/product_tag?post=9512"}],"curies":[{"name":"wp","href":"https:\/\/api.w.org\/{rel}","templated":true}]}}

<p>Chaveiro Folla de <a href="https://gl.wikipedia.org/wiki/Carballo_com%C3%BAn">Carballo</a>, deseño orixinal de I3D. Feito madeira, con moito estilo en homenaxe a unha das nosas árbores máis queridas, o Carballo.</p>
<p>*O material no que está realizado é <a href="https://test.imprimetresde.com/gl/o-noso-material-de-impresion-o-pla-polimero-biodegradabel-procedente-de-recursos-vexetais/">PLA</a> (material procedente de materia vexetal, biodegradábel, non tóxico e ecolóxico) e máis un 80% de madeira.</p>

<p>Chaveiro Folla de <a href="https://gl.wikipedia.org/wiki/Carballo_com%C3%BAn">Carballo</a>, deseño orixinal de I3D. Feito madeira, con moito estilo en homenaxe a unha das nosas árbores máis queridas, o Carballo.</p>
