{"id":9693,"date":"2021-02-17T16:09:46","date_gmt":"2021-02-17T14:09:46","guid":{"rendered":"https:\/\/test.imprimetresde.com\/?post_type=product&#038;p=9693"},"modified":"2025-01-07T19:56:34","modified_gmt":"2025-01-07T17:56:34","slug":"reloxo-gz-parede","status":"publish","type":"product","link":"https:\/\/test.imprimetresde.com\/gl\/produto\/reloxo-gz-parede\/","title":{"rendered":"Reloxo GZ parede"},"content":{"rendered":"<p>Reloxo <a href=\"https:\/\/gl.wikipedia.org\/wiki\/Historia_do_top%C3%B3nimo_Galiza_e_Galicia\">GZ <\/a>parede dese\u00f1ado por <a href=\"https:\/\/test.imprimetresde.com\/gl\/\">Imprimetresde<\/a>, en cor branca ou granito claro. As s\u00faas dimensi\u00f3ns son 17cmx20cmx3cm, o que permite que poidas penduralo na parede ou colocalo elegantemente nunha repisa ou estanter\u00eda da casa, da oficina &#8230; Tam\u00e9n temos a dispor o tama\u00f1o mesi\u00f1a de noite, 10x12x2,7 cm aprox.<\/p>\n<p>Marca o tempo para que chegue o noso momento!!<\/p>\n<p>*O material no que est\u00e1 realizado \u00e9 <a href=\"https:\/\/test.imprimetresde.com\/gl\/o-noso-material-de-impresion-o-pla-polimero-biodegradabel-procedente-de-recursos-vexetais\/\">PLA<\/a>, material procedente de materia vexetal, biodegrad\u00e1bel, non t\u00f3xico e ecol\u00f3xico<\/p>\n","protected":false},"excerpt":{"rendered":"<p>Reloxo GZ parede\u00a0dese\u00f1ado por <a href=\"https:\/\/test.imprimetresde.com\/gl\/\">Imprimetresde<\/a>, en cor branca ou granito claro. As s\u00faas dimensi\u00f3ns son 17cmx20cmx3cm, o que permite que poidas penduralo na parede ou colocalo elegantemente nunha repisa ou estanter\u00eda da casa, da oficina &#8230; Tam\u00e9n temos a dispor o tama\u00f1o mesi\u00f1a de noite, 10x12x2,7 cm aprox.<\/p>\n<p>Marca o tempo para que chegue o noso momento!!<\/p>\n","protected":false},"featured_media":9695,"comment_status":"open","ping_status":"closed","template":"","meta":{"_vp_format_video_url":"","_vp_image_focal_point":[]},"product_brand":[],"product_cat":[421,315,316,313],"product_tag":[2100,1603,1655,1685,210,1115,2101,1652,1657,1651,479,463,462,1654,1656,2508,2507,2099,565,1650,1456,1320,464,1659,1653,1658,562,1384,1604],"class_list":{"0":"post-9693","1":"product","2":"type-product","3":"status-publish","4":"has-post-thumbnail","6":"product_cat-activismo","7":"product_cat-complementos-gl","8":"product_cat-cultura-gl","9":"product_cat-ambiente-gl","10":"product_tag-cadro","11":"product_tag-casa","12":"product_tag-data","13":"product_tag-deco-gl","14":"product_tag-decoracion-gl","15":"product_tag-dia-do-pai","16":"product_tag-domus-gl","17":"product_tag-eduardo-pondal-gl","18":"product_tag-estanteria","19":"product_tag-fogar-de-breogan-gl","20":"product_tag-galicia","21":"product_tag-galiza","22":"product_tag-gz","23":"product_tag-hora","24":"product_tag-horario","25":"product_tag-impresion-3d-a-coruna","26":"product_tag-impresion-3d-coruna","27":"product_tag-lugar-de-traballo","28":"product_tag-nacionalismo","29":"product_tag-nazon-de-breogan-gl","30":"product_tag-oficina","31":"product_tag-os-pinos","32":"product_tag-pais","33":"product_tag-pared-gl","34":"product_tag-reloxo","35":"product_tag-repisa","36":"product_tag-sempre-en-galiza","37":"product_tag-souvenir","38":"product_tag-traballo","40":"first","41":"instock","42":"sale","43":"taxable","44":"shipping-taxable","45":"purchasable","46":"product-type-variable"},"exclude_global_add_ons":[],"addons":[],"_links":{"self":[{"href":"https:\/\/test.imprimetresde.com\/gl\/wp-json\/wp\/v2\/product\/9693","targetHints":{"allow":["GET"]}}],"collection":[{"href":"https:\/\/test.imprimetresde.com\/gl\/wp-json\/wp\/v2\/product"}],"about":[{"href":"https:\/\/test.imprimetresde.com\/gl\/wp-json\/wp\/v2\/types\/product"}],"replies":[{"embeddable":true,"href":"https:\/\/test.imprimetresde.com\/gl\/wp-json\/wp\/v2\/comments?post=9693"}],"wp:featuredmedia":[{"embeddable":true,"href":"https:\/\/test.imprimetresde.com\/gl\/wp-json\/wp\/v2\/media\/9695"}],"wp:attachment":[{"href":"https:\/\/test.imprimetresde.com\/gl\/wp-json\/wp\/v2\/media?parent=9693"}],"wp:term":[{"taxonomy":"product_brand","embeddable":true,"href":"https:\/\/test.imprimetresde.com\/gl\/wp-json\/wp\/v2\/product_brand?post=9693"},{"taxonomy":"product_cat","embeddable":true,"href":"https:\/\/test.imprimetresde.com\/gl\/wp-json\/wp\/v2\/product_cat?post=9693"},{"taxonomy":"product_tag","embeddable":true,"href":"https:\/\/test.imprimetresde.com\/gl\/wp-json\/wp\/v2\/product_tag?post=9693"}],"curies":[{"name":"wp","href":"https:\/\/api.w.org\/{rel}","templated":true}]}}

<p>Reloxo <a href="https://gl.wikipedia.org/wiki/Historia_do_top%C3%B3nimo_Galiza_e_Galicia">GZ </a>parede deseñado por <a href="https://test.imprimetresde.com/gl/">Imprimetresde</a>, en cor branca ou granito claro. As súas dimensións son 17cmx20cmx3cm, o que permite que poidas penduralo na parede ou colocalo elegantemente nunha repisa ou estantería da casa, da oficina &#8230; Tamén temos a dispor o tamaño mesiña de noite, 10x12x2,7 cm aprox.</p>
<p>Marca o tempo para que chegue o noso momento!!</p>
<p>*O material no que está realizado é <a href="https://test.imprimetresde.com/gl/o-noso-material-de-impresion-o-pla-polimero-biodegradabel-procedente-de-recursos-vexetais/">PLA</a>, material procedente de materia vexetal, biodegradábel, non tóxico e ecolóxico</p>

<p>Reloxo GZ parede deseñado por <a href="https://test.imprimetresde.com/gl/">Imprimetresde</a>, en cor branca ou granito claro. As súas dimensións son 17cmx20cmx3cm, o que permite que poidas penduralo na parede ou colocalo elegantemente nunha repisa ou estantería da casa, da oficina &#8230; Tamén temos a dispor o tamaño mesiña de noite, 10x12x2,7 cm aprox.</p>
<p>Marca o tempo para que chegue o noso momento!!</p>
