{"id":9714,"date":"2021-02-17T18:43:48","date_gmt":"2021-02-17T16:43:48","guid":{"rendered":"https:\/\/test.imprimetresde.com\/?post_type=product&#038;p=9714"},"modified":"2025-03-11T13:51:53","modified_gmt":"2025-03-11T11:51:53","slug":"reloxo-gz-sobremesa","status":"publish","type":"product","link":"https:\/\/test.imprimetresde.com\/gl\/produto\/reloxo-gz-sobremesa\/","title":{"rendered":"Reloxo GZ sobremesa"},"content":{"rendered":"<p>Reloxo GZ sobremesa dese\u00f1ado por <a href=\"https:\/\/test.imprimetresde.com\/gl\/\">Imprimetresde<\/a>, en cor branca. As s\u00faas dimensi\u00f3ns son 10x12x2,7 cm aprox., para colocalo elegantemente nunha repisa ou estanter\u00eda da casa, da oficina &#8230; Tam\u00e9n temos a dispor en tama\u00f1o parede.<\/p>\n<p>*O material no que est\u00e1 realizado \u00e9 <a href=\"https:\/\/test.imprimetresde.com\/gl\/o-noso-material-de-impresion-o-pla-polimero-biodegradabel-procedente-de-recursos-vexetais\/\">PLA<\/a>, material procedente de materia vexetal, biodegrad\u00e1bel, non t\u00f3xico e ecol\u00f3xico.<\/p>\n","protected":false},"excerpt":{"rendered":"<p>Reloxo GZ sobremesa dese\u00f1ado por <a href=\"https:\/\/test.imprimetresde.com\/gl\/\">Imprimetresde<\/a>, en cor branca. As s\u00faas dimensi\u00f3ns son 10x12x2,7 cm aprox., para colocalo elegantemente nunha repisa ou estanter\u00eda da casa, da oficina &#8230; Tam\u00e9n temos a dispor en tama\u00f1o parede.<\/p>\n","protected":false},"featured_media":9720,"comment_status":"open","ping_status":"closed","template":"","meta":{"_vp_format_video_url":"","_vp_image_focal_point":[]},"product_brand":[],"product_cat":[421,313],"product_tag":[2100,1603,1685,210,1114,1115,2101,1652,1651,479,463,462,1654,1656,2508,2507,2099,565,1650,1456,1320,464,602,1653,562,1384,1604],"class_list":{"0":"post-9714","1":"product","2":"type-product","3":"status-publish","4":"has-post-thumbnail","6":"product_cat-activismo","7":"product_cat-ambiente-gl","8":"product_tag-cadro","9":"product_tag-casa","10":"product_tag-deco-gl","11":"product_tag-decoracion-gl","12":"product_tag-dia-da-nai","13":"product_tag-dia-do-pai","14":"product_tag-domus-gl","15":"product_tag-eduardo-pondal-gl","16":"product_tag-fogar-de-breogan-gl","17":"product_tag-galicia","18":"product_tag-galiza","19":"product_tag-gz","20":"product_tag-hora","21":"product_tag-horario","22":"product_tag-impresion-3d-a-coruna","23":"product_tag-impresion-3d-coruna","24":"product_tag-lugar-de-traballo","25":"product_tag-nacionalismo","26":"product_tag-nazon-de-breogan-gl","27":"product_tag-oficina","28":"product_tag-os-pinos","29":"product_tag-pais","30":"product_tag-patria","31":"product_tag-reloxo","32":"product_tag-sempre-en-galiza","33":"product_tag-souvenir","34":"product_tag-traballo","36":"first","37":"instock","38":"sale","39":"taxable","40":"shipping-taxable","41":"purchasable","42":"product-type-simple"},"exclude_global_add_ons":[],"addons":[],"_links":{"self":[{"href":"https:\/\/test.imprimetresde.com\/gl\/wp-json\/wp\/v2\/product\/9714","targetHints":{"allow":["GET"]}}],"collection":[{"href":"https:\/\/test.imprimetresde.com\/gl\/wp-json\/wp\/v2\/product"}],"about":[{"href":"https:\/\/test.imprimetresde.com\/gl\/wp-json\/wp\/v2\/types\/product"}],"replies":[{"embeddable":true,"href":"https:\/\/test.imprimetresde.com\/gl\/wp-json\/wp\/v2\/comments?post=9714"}],"wp:featuredmedia":[{"embeddable":true,"href":"https:\/\/test.imprimetresde.com\/gl\/wp-json\/wp\/v2\/media\/9720"}],"wp:attachment":[{"href":"https:\/\/test.imprimetresde.com\/gl\/wp-json\/wp\/v2\/media?parent=9714"}],"wp:term":[{"taxonomy":"product_brand","embeddable":true,"href":"https:\/\/test.imprimetresde.com\/gl\/wp-json\/wp\/v2\/product_brand?post=9714"},{"taxonomy":"product_cat","embeddable":true,"href":"https:\/\/test.imprimetresde.com\/gl\/wp-json\/wp\/v2\/product_cat?post=9714"},{"taxonomy":"product_tag","embeddable":true,"href":"https:\/\/test.imprimetresde.com\/gl\/wp-json\/wp\/v2\/product_tag?post=9714"}],"curies":[{"name":"wp","href":"https:\/\/api.w.org\/{rel}","templated":true}]}}

<p>Reloxo GZ sobremesa deseñado por <a href="https://test.imprimetresde.com/gl/">Imprimetresde</a>, en cor branca. As súas dimensións son 10x12x2,7 cm aprox., para colocalo elegantemente nunha repisa ou estantería da casa, da oficina &#8230; Tamén temos a dispor en tamaño parede.</p>
<p>*O material no que está realizado é <a href="https://test.imprimetresde.com/gl/o-noso-material-de-impresion-o-pla-polimero-biodegradabel-procedente-de-recursos-vexetais/">PLA</a>, material procedente de materia vexetal, biodegradábel, non tóxico e ecolóxico.</p>

<p>Reloxo GZ sobremesa deseñado por <a href="https://test.imprimetresde.com/gl/">Imprimetresde</a>, en cor branca. As súas dimensións son 10x12x2,7 cm aprox., para colocalo elegantemente nunha repisa ou estantería da casa, da oficina &#8230; Tamén temos a dispor en tamaño parede.</p>
