{"id":9844,"date":"2021-03-12T19:03:55","date_gmt":"2021-03-12T17:03:55","guid":{"rendered":"https:\/\/test.imprimetresde.com\/?post_type=product&#038;p=9844"},"modified":"2025-04-04T14:24:04","modified_gmt":"2025-04-04T12:24:04","slug":"colar-morrina","status":"publish","type":"product","link":"https:\/\/test.imprimetresde.com\/gl\/produto\/colar-morrina\/","title":{"rendered":"Colar Morri\u00f1a"},"content":{"rendered":"<p>Colar Morri\u00f1a. En <a href=\"https:\/\/test.imprimetresde.com\/\">Imprimetresde<\/a> dese\u00f1amos o colar <a href=\"https:\/\/gl.wikipedia.org\/wiki\/Morri%C3%B1a\">Morri\u00f1a<\/a> para lucilo ti ou como agasallo. Realizado en cor gris pedra queda perfecto para calquiera ocasi\u00f3n, para vestir ou casual.<\/p>\n<p>*O material utilizado \u00e9 <a href=\"https:\/\/test.imprimetresde.com\/nuestro-material-de-impresion-el-pla-polimero-biodegradable-procedente-de-recursos-vegetales\/\">PLA<\/a><\/p>\n","protected":false},"excerpt":{"rendered":"<p>Colar Morri\u00f1a. En <a href=\"https:\/\/test.imprimetresde.com\/\">Imprimetresde<\/a> dese\u00f1amos o colar Morri\u00f1a para lucilo ti ou como agasallo. Realizado en cor gris granito queda perfecto para calquiera ocasi\u00f3n, para vestir ou casual.<\/p>\n","protected":false},"featured_media":9868,"comment_status":"open","ping_status":"closed","template":"","meta":{"_vp_format_video_url":"","_vp_image_focal_point":[]},"product_brand":[],"product_cat":[1312,315,316],"product_tag":[388,1114,479,463,2508,2507,1686,1328,464,274,968,1687,1384],"class_list":{"0":"post-9844","1":"product","2":"type-product","3":"status-publish","4":"has-post-thumbnail","6":"product_cat-colgantes-gl","7":"product_cat-complementos-gl","8":"product_cat-cultura-gl","9":"product_tag-colar","10":"product_tag-dia-da-nai","11":"product_tag-galicia","12":"product_tag-galiza","13":"product_tag-impresion-3d-a-coruna","14":"product_tag-impresion-3d-coruna","15":"product_tag-morrina","16":"product_tag-orixinal","17":"product_tag-pais","18":"product_tag-personalizado-gl","19":"product_tag-regalo-gl","20":"product_tag-saudade","21":"product_tag-souvenir","23":"first","24":"instock","25":"sale","26":"taxable","27":"shipping-taxable","28":"purchasable","29":"product-type-simple"},"exclude_global_add_ons":false,"addons":[{"name":"Material da Cadea (opcional)","type":"checkbox","position":0,"required":false,"title_format":"label","default":"","description_enable":true,"description":"Opci\u00f3n de facer a peza con cadea e accesorios de prata 925, de primera lei.","placeholder_enable":false,"placeholder":"","display":"select","restrictions_type":"any_text","adjust_price":false,"price":"","price_type":"flat_fee","restrictions":false,"min":"0","max":"0","options":[{"label":"Prata","price":"10","price_type":"flat_fee","image":0,"visibility":true}]}],"_links":{"self":[{"href":"https:\/\/test.imprimetresde.com\/gl\/wp-json\/wp\/v2\/product\/9844","targetHints":{"allow":["GET"]}}],"collection":[{"href":"https:\/\/test.imprimetresde.com\/gl\/wp-json\/wp\/v2\/product"}],"about":[{"href":"https:\/\/test.imprimetresde.com\/gl\/wp-json\/wp\/v2\/types\/product"}],"replies":[{"embeddable":true,"href":"https:\/\/test.imprimetresde.com\/gl\/wp-json\/wp\/v2\/comments?post=9844"}],"wp:featuredmedia":[{"embeddable":true,"href":"https:\/\/test.imprimetresde.com\/gl\/wp-json\/wp\/v2\/media\/9868"}],"wp:attachment":[{"href":"https:\/\/test.imprimetresde.com\/gl\/wp-json\/wp\/v2\/media?parent=9844"}],"wp:term":[{"taxonomy":"product_brand","embeddable":true,"href":"https:\/\/test.imprimetresde.com\/gl\/wp-json\/wp\/v2\/product_brand?post=9844"},{"taxonomy":"product_cat","embeddable":true,"href":"https:\/\/test.imprimetresde.com\/gl\/wp-json\/wp\/v2\/product_cat?post=9844"},{"taxonomy":"product_tag","embeddable":true,"href":"https:\/\/test.imprimetresde.com\/gl\/wp-json\/wp\/v2\/product_tag?post=9844"}],"curies":[{"name":"wp","href":"https:\/\/api.w.org\/{rel}","templated":true}]}}

Colar Morriña

<p>Colar Morriña. En <a href="https://test.imprimetresde.com/">Imprimetresde</a> deseñamos o colar <a href="https://gl.wikipedia.org/wiki/Morri%C3%B1a">Morriña</a> para lucilo ti ou como agasallo. Realizado en cor gris pedra queda perfecto para calquiera ocasión, para vestir ou casual.</p>
<p>*O material utilizado é <a href="https://test.imprimetresde.com/nuestro-material-de-impresion-el-pla-polimero-biodegradable-procedente-de-recursos-vegetales/">PLA</a></p>

<p>Colar Morriña. En <a href="https://test.imprimetresde.com/">Imprimetresde</a> deseñamos o colar Morriña para lucilo ti ou como agasallo. Realizado en cor gris granito queda perfecto para calquiera ocasión, para vestir ou casual.</p>

Opción de facer a peza con cadea e accesorios de prata 925, de primera lei.
