{"id":9895,"date":"2021-04-08T13:25:10","date_gmt":"2021-04-08T11:25:10","guid":{"rendered":"https:\/\/test.imprimetresde.com\/?post_type=product&#038;p=9895"},"modified":"2024-03-14T18:27:23","modified_gmt":"2024-03-14T16:27:23","slug":"marcapaxinas-emilia-pardo-bazan","status":"publish","type":"product","link":"https:\/\/test.imprimetresde.com\/gl\/produto\/marcapaxinas-emilia-pardo-bazan\/","title":{"rendered":"Marcap\u00e1xinas Emilia Pardo Baz\u00e1n"},"content":{"rendered":"<p>Marcap\u00e1xinas Emilia Pardo Baz\u00e1n. Elegante marcap\u00e1xinas ca figura de <a href=\"https:\/\/gl.wikipedia.org\/wiki\/Emilia_Pardo_Baz%C3%A1n\">Dona Emilia<\/a>, tan importante para a literatura dentro do Estado Espa\u00f1ol. Feito en <a href=\"https:\/\/test.imprimetresde.com\/gl\/o-noso-material-de-impresion-o-pla-polimero-biodegradabel-procedente-de-recursos-vexetais\/\">PLA<\/a> branco con formato litofan\u00eda.<\/p>\n<p>Nada na <a title=\"A Coru\u00f1a\" href=\"https:\/\/gl.wikipedia.org\/wiki\/A_Coru%C3%B1a\">Coru\u00f1a<\/a>\u00a0o\u00a0<a title=\"16 de setembro\" href=\"https:\/\/gl.wikipedia.org\/wiki\/16_de_setembro\">16 de setembro<\/a>\u00a0de\u00a0<a title=\"1851\" href=\"https:\/\/gl.wikipedia.org\/wiki\/1851\">1851<\/a>\u00a0e finada en\u00a0<a title=\"Madrid\" href=\"https:\/\/gl.wikipedia.org\/wiki\/Madrid\">Madrid<\/a>\u00a0o\u00a0<a title=\"12 de maio\" href=\"https:\/\/gl.wikipedia.org\/wiki\/12_de_maio\">12 de maio<\/a>\u00a0de\u00a0<a title=\"1921\" href=\"https:\/\/gl.wikipedia.org\/wiki\/1921\">1921<\/a>, foi unha escritora en\u00a0<a title=\"Lingua castel\u00e1\" href=\"https:\/\/gl.wikipedia.org\/wiki\/Lingua_castel%C3%A1\">lingua castel\u00e1<\/a>, intelectual, xornalista, cr\u00edtica literaria, narradora e\u00a0<a title=\"Rexionalismo galego\" href=\"https:\/\/gl.wikipedia.org\/wiki\/Rexionalismo_galego\">rexionalista galega<\/a>\u00a0que triunfou na\u00a0<a class=\"new\" title=\"Literatura espa\u00f1ola (a p\u00e1xina a\u00ednda non existe)\" href=\"https:\/\/gl.wikipedia.org\/w\/index.php?title=Literatura_espa%C3%B1ola&amp;action=edit&amp;redlink=1\">literatura espa\u00f1ola<\/a>\u00a0como escritora e como figura p\u00fablica.<sup id=\"cite_ref-1\" class=\"reference\"><a href=\"https:\/\/gl.wikipedia.org\/wiki\/Emilia_Pardo_Baz%C3%A1n#cite_note-1\">[1]<\/a><\/sup>\u00a0Influ\u00edda polo\u00a0<a title=\"Naturalismo\" href=\"https:\/\/gl.wikipedia.org\/wiki\/Naturalismo\">naturalismo<\/a>, movemento literario que introducir\u00eda en Espa\u00f1a, escribiu m\u00e1is de 500 obras en forma de novelas, contos, artigos e folletos.<sup id=\"cite_ref-2\" class=\"reference\"><a href=\"https:\/\/gl.wikipedia.org\/wiki\/Emilia_Pardo_Baz%C3%A1n#cite_note-2\">[2]<\/a><\/sup>\u00a0En reco\u00f1ecemento polos seus m\u00e9ritos\u00a0<a title=\"Arte\" href=\"https:\/\/gl.wikipedia.org\/wiki\/Arte\">art\u00edsticos<\/a>, conceder\u00edalle o rei\u00a0<a class=\"mw-redirect\" title=\"Afonso XIII\" href=\"https:\/\/gl.wikipedia.org\/wiki\/Afonso_XIII\">Afonso XIII<\/a>\u00a0en\u00a0<a title=\"1908\" href=\"https:\/\/gl.wikipedia.org\/wiki\/1908\">1908<\/a>\u00a0o t\u00edtulo de\u00a0<a title=\"Condado\" href=\"https:\/\/gl.wikipedia.org\/wiki\/Condado\">condesa<\/a>\u00a0de Pardo Baz\u00e1n.<sup id=\"cite_ref-3\" class=\"reference\"><a href=\"https:\/\/gl.wikipedia.org\/wiki\/Emilia_Pardo_Baz%C3%A1n#cite_note-3\">[3]<\/a><\/sup><\/p>\n<p>&nbsp;<\/p>\n","protected":false},"excerpt":{"rendered":"<p>Marcap\u00e1xinas Emilia Pardo Baz\u00e1n. Elegante marcap\u00e1xinas ca figura de <a href=\"https:\/\/gl.wikipedia.org\/wiki\/Emilia_Pardo_Baz%C3%A1n\">Dona Emilia<\/a>, tan importante para a literatura dentro do Estado Espa\u00f1ol. Feito en <a href=\"https:\/\/test.imprimetresde.com\/gl\/o-noso-material-de-impresion-o-pla-polimero-biodegradabel-procedente-de-recursos-vexetais\/\">PLA<\/a> branco con formato litofan\u00eda.<\/p>\n","protected":false},"featured_media":9896,"comment_status":"open","ping_status":"closed","template":"","meta":{"_vp_format_video_url":"","_vp_image_focal_point":[]},"product_brand":[],"product_cat":[316],"product_tag":[587,528,1692,1690,469,409,410,2508,2507,805,804,252,1691,973,1693,1328,1694,968,1695],"class_list":{"0":"post-9895","1":"product","2":"type-product","3":"status-publish","4":"has-post-thumbnail","6":"product_cat-cultura-gl","7":"product_tag-a-coruna-gl","8":"product_tag-centenario","9":"product_tag-condesa-de-fenosa","10":"product_tag-emilia-pardo-bazan","11":"product_tag-escritora","12":"product_tag-galega","13":"product_tag-galego","14":"product_tag-impresion-3d-a-coruna","15":"product_tag-impresion-3d-coruna","16":"product_tag-lectura","17":"product_tag-libro","18":"product_tag-marcapaxinas-gl","19":"product_tag-meiras","20":"product_tag-muller-gl","21":"product_tag-obras","22":"product_tag-orixinal","23":"product_tag-pazo-de-meiras","24":"product_tag-regalo-gl","25":"product_tag-sada","27":"first","28":"instock","29":"taxable","30":"shipping-taxable","31":"purchasable","32":"product-type-simple"},"exclude_global_add_ons":[],"addons":[],"_links":{"self":[{"href":"https:\/\/test.imprimetresde.com\/gl\/wp-json\/wp\/v2\/product\/9895","targetHints":{"allow":["GET"]}}],"collection":[{"href":"https:\/\/test.imprimetresde.com\/gl\/wp-json\/wp\/v2\/product"}],"about":[{"href":"https:\/\/test.imprimetresde.com\/gl\/wp-json\/wp\/v2\/types\/product"}],"replies":[{"embeddable":true,"href":"https:\/\/test.imprimetresde.com\/gl\/wp-json\/wp\/v2\/comments?post=9895"}],"wp:featuredmedia":[{"embeddable":true,"href":"https:\/\/test.imprimetresde.com\/gl\/wp-json\/wp\/v2\/media\/9896"}],"wp:attachment":[{"href":"https:\/\/test.imprimetresde.com\/gl\/wp-json\/wp\/v2\/media?parent=9895"}],"wp:term":[{"taxonomy":"product_brand","embeddable":true,"href":"https:\/\/test.imprimetresde.com\/gl\/wp-json\/wp\/v2\/product_brand?post=9895"},{"taxonomy":"product_cat","embeddable":true,"href":"https:\/\/test.imprimetresde.com\/gl\/wp-json\/wp\/v2\/product_cat?post=9895"},{"taxonomy":"product_tag","embeddable":true,"href":"https:\/\/test.imprimetresde.com\/gl\/wp-json\/wp\/v2\/product_tag?post=9895"}],"curies":[{"name":"wp","href":"https:\/\/api.w.org\/{rel}","templated":true}]}}

Marcapáxinas Emilia Pardo Bazán

<p>Marcapáxinas Emilia Pardo Bazán. Elegante marcapáxinas ca figura de <a href="https://gl.wikipedia.org/wiki/Emilia_Pardo_Baz%C3%A1n">Dona Emilia</a>, tan importante para a literatura dentro do Estado Español. Feito en <a href="https://test.imprimetresde.com/gl/o-noso-material-de-impresion-o-pla-polimero-biodegradabel-procedente-de-recursos-vexetais/">PLA</a> branco con formato litofanía.</p>
<p>Nada na <a title="A Coruña" href="https://gl.wikipedia.org/wiki/A_Coru%C3%B1a">Coruña</a> o <a title="16 de setembro" href="https://gl.wikipedia.org/wiki/16_de_setembro">16 de setembro</a> de <a title="1851" href="https://gl.wikipedia.org/wiki/1851">1851</a> e finada en <a title="Madrid" href="https://gl.wikipedia.org/wiki/Madrid">Madrid</a> o <a title="12 de maio" href="https://gl.wikipedia.org/wiki/12_de_maio">12 de maio</a> de <a title="1921" href="https://gl.wikipedia.org/wiki/1921">1921</a>, foi unha escritora en <a title="Lingua castelá" href="https://gl.wikipedia.org/wiki/Lingua_castel%C3%A1">lingua castelá</a>, intelectual, xornalista, crítica literaria, narradora e <a title="Rexionalismo galego" href="https://gl.wikipedia.org/wiki/Rexionalismo_galego">rexionalista galega</a> que triunfou na <a class="new" title="Literatura española (a páxina aínda non existe)" href="https://gl.wikipedia.org/w/index.php?title=Literatura_espa%C3%B1ola&amp;action=edit&amp;redlink=1">literatura española</a> como escritora e como figura pública.<sup id="cite_ref-1" class="reference"><a href="https://gl.wikipedia.org/wiki/Emilia_Pardo_Baz%C3%A1n#cite_note-1">[1]</a></sup> Influída polo <a title="Naturalismo" href="https://gl.wikipedia.org/wiki/Naturalismo">naturalismo</a>, movemento literario que introduciría en España, escribiu máis de 500 obras en forma de novelas, contos, artigos e folletos.<sup id="cite_ref-2" class="reference"><a href="https://gl.wikipedia.org/wiki/Emilia_Pardo_Baz%C3%A1n#cite_note-2">[2]</a></sup> En recoñecemento polos seus méritos <a title="Arte" href="https://gl.wikipedia.org/wiki/Arte">artísticos</a>, concederíalle o rei <a class="mw-redirect" title="Afonso XIII" href="https://gl.wikipedia.org/wiki/Afonso_XIII">Afonso XIII</a> en <a title="1908" href="https://gl.wikipedia.org/wiki/1908">1908</a> o título de <a title="Condado" href="https://gl.wikipedia.org/wiki/Condado">condesa</a> de Pardo Bazán.<sup id="cite_ref-3" class="reference"><a href="https://gl.wikipedia.org/wiki/Emilia_Pardo_Baz%C3%A1n#cite_note-3">[3]</a></sup></p>
<p>&nbsp;</p>

<p>Marcapáxinas Emilia Pardo Bazán. Elegante marcapáxinas ca figura de <a href="https://gl.wikipedia.org/wiki/Emilia_Pardo_Baz%C3%A1n">Dona Emilia</a>, tan importante para a literatura dentro do Estado Español. Feito en <a href="https://test.imprimetresde.com/gl/o-noso-material-de-impresion-o-pla-polimero-biodegradabel-procedente-de-recursos-vexetais/">PLA</a> branco con formato litofanía.</p>
