{"id":9916,"date":"2021-04-23T12:56:16","date_gmt":"2021-04-23T10:56:16","guid":{"rendered":"https:\/\/test.imprimetresde.com\/?post_type=product&#038;p=9916"},"modified":"2024-11-10T18:45:12","modified_gmt":"2024-11-10T16:45:12","slug":"marcapaxinas-valle-inclan","status":"publish","type":"product","link":"https:\/\/test.imprimetresde.com\/gl\/produto\/marcapaxinas-valle-inclan\/","title":{"rendered":"Marcap\u00e1xinas Valle-Incl\u00e1n"},"content":{"rendered":"<p>Marcap\u00e1xinas Valle-Incl\u00e1n. Elegante marcap\u00e1xinas ca figura de <a href=\"https:\/\/gl.wikipedia.org\/wiki\/Ram%C3%B3n_Mar%C3%ADa_del_Valle-Incl%C3%A1n\">Ram\u00f3n Mar\u00eda del Valle-Incl\u00e1n<\/a>, tan importante para a literatura dentro do Estado Espa\u00f1ol. Feito en <a href=\"https:\/\/test.imprimetresde.com\/gl\/o-noso-material-de-impresion-o-pla-polimero-biodegradabel-procedente-de-recursos-vexetais\/\">PLA<\/a> branco con formato litofan\u00eda.<\/p>\n<p>Foi un <a title=\"Drama\" href=\"https:\/\/gl.wikipedia.org\/wiki\/Drama\">dramaturgo<\/a>,\u00a0<a title=\"Poes\u00eda\" href=\"https:\/\/gl.wikipedia.org\/wiki\/Poes%C3%ADa\">poeta<\/a>\u00a0e\u00a0<a title=\"Novela\" href=\"https:\/\/gl.wikipedia.org\/wiki\/Novela\">novelista<\/a>\u00a0galego en\u00a0<a title=\"Lingua castel\u00e1\" href=\"https:\/\/gl.wikipedia.org\/wiki\/Lingua_castel%C3%A1\">lingua castel\u00e1<\/a>, membro da\u00a0<a title=\"Xeraci\u00f3n do 98\" href=\"https:\/\/gl.wikipedia.org\/wiki\/Xeraci%C3%B3n_do_98\">Xeraci\u00f3n do 98<\/a>, considerado un dos autores m\u00e1is importantes da\u00a0<a title=\"Literatura hispanoamericana\" href=\"https:\/\/gl.wikipedia.org\/wiki\/Literatura_hispanoamericana\">literatura hispanoamericana<\/a>\u00a0do\u00a0<a title=\"S\u00e9culo XX\" href=\"https:\/\/gl.wikipedia.org\/wiki\/S%C3%A9culo_XX\">s\u00e9culo XX<\/a>.<\/p>\n<p>O ano\u00a0<a title=\"2016\" href=\"https:\/\/gl.wikipedia.org\/wiki\/2016\">2016<\/a>\u00a0foi declarado Ano Valle-Incl\u00e1n en conmemoraci\u00f3n do 150 aniversario do seu nacemento.<\/p>\n<p>*O material no que est\u00e1 realizado \u00e9\u00a0<a href=\"https:\/\/test.imprimetresde.com\/gl\/o-noso-material-de-impresion-o-pla-polimero-biodegradabel-procedente-de-recursos-vexetais\/\">PLA<\/a>, material procedente de materia vexetal, biodegrad\u00e1bel, non t\u00f3xico e ecol\u00f3xico<\/p>\n<p>&nbsp;<\/p>\n<p>&nbsp;<\/p>\n","protected":false},"excerpt":{"rendered":"<p>Marcap\u00e1xinas Valle-Incl\u00e1n. Elegante marcap\u00e1xinas ca figura de <a href=\"https:\/\/gl.wikipedia.org\/wiki\/Ram%C3%B3n_Mar%C3%ADa_del_Valle-Incl%C3%A1n\">Ram\u00f3n Mar\u00eda del Valle-Incl\u00e1n<\/a>, tan importante para a literatura dentro do Estado Espa\u00f1ol. Feito en <a href=\"https:\/\/test.imprimetresde.com\/gl\/o-noso-material-de-impresion-o-pla-polimero-biodegradabel-procedente-de-recursos-vexetais\/\">PLA<\/a> branco con formato litofan\u00eda.<\/p>\n","protected":false},"featured_media":9917,"comment_status":"open","ping_status":"closed","template":"","meta":{"_vp_format_video_url":"","_vp_image_focal_point":[]},"product_brand":[],"product_cat":[316],"product_tag":[1715,1891,1714,601,1713,1889,410,1888,2508,2507,805,1394,481,755,1890,252,1384,1720],"class_list":{"0":"post-9916","1":"product","2":"type-product","3":"status-publish","4":"has-post-thumbnail","6":"product_cat-cultura-gl","7":"product_tag-23-abril","8":"product_tag-biblioteca","9":"product_tag-dia-do-libro","10":"product_tag-escritor","11":"product_tag-espanola","12":"product_tag-esperpento","13":"product_tag-galego","14":"product_tag-generacion-del-98","15":"product_tag-impresion-3d-a-coruna","16":"product_tag-impresion-3d-coruna","17":"product_tag-lectura","18":"product_tag-leer-gl","19":"product_tag-libros","20":"product_tag-literatura","21":"product_tag-luces-de-bohemia","22":"product_tag-marcapaxinas-gl","23":"product_tag-souvenir","24":"product_tag-valle-inclan-gl","26":"first","27":"instock","28":"taxable","29":"shipping-taxable","30":"purchasable","31":"product-type-simple"},"exclude_global_add_ons":[],"addons":[],"_links":{"self":[{"href":"https:\/\/test.imprimetresde.com\/gl\/wp-json\/wp\/v2\/product\/9916","targetHints":{"allow":["GET"]}}],"collection":[{"href":"https:\/\/test.imprimetresde.com\/gl\/wp-json\/wp\/v2\/product"}],"about":[{"href":"https:\/\/test.imprimetresde.com\/gl\/wp-json\/wp\/v2\/types\/product"}],"replies":[{"embeddable":true,"href":"https:\/\/test.imprimetresde.com\/gl\/wp-json\/wp\/v2\/comments?post=9916"}],"wp:featuredmedia":[{"embeddable":true,"href":"https:\/\/test.imprimetresde.com\/gl\/wp-json\/wp\/v2\/media\/9917"}],"wp:attachment":[{"href":"https:\/\/test.imprimetresde.com\/gl\/wp-json\/wp\/v2\/media?parent=9916"}],"wp:term":[{"taxonomy":"product_brand","embeddable":true,"href":"https:\/\/test.imprimetresde.com\/gl\/wp-json\/wp\/v2\/product_brand?post=9916"},{"taxonomy":"product_cat","embeddable":true,"href":"https:\/\/test.imprimetresde.com\/gl\/wp-json\/wp\/v2\/product_cat?post=9916"},{"taxonomy":"product_tag","embeddable":true,"href":"https:\/\/test.imprimetresde.com\/gl\/wp-json\/wp\/v2\/product_tag?post=9916"}],"curies":[{"name":"wp","href":"https:\/\/api.w.org\/{rel}","templated":true}]}}

Marcapáxinas Valle-Inclán

<p>Marcapáxinas Valle-Inclán. Elegante marcapáxinas ca figura de <a href="https://gl.wikipedia.org/wiki/Ram%C3%B3n_Mar%C3%ADa_del_Valle-Incl%C3%A1n">Ramón María del Valle-Inclán</a>, tan importante para a literatura dentro do Estado Español. Feito en <a href="https://test.imprimetresde.com/gl/o-noso-material-de-impresion-o-pla-polimero-biodegradabel-procedente-de-recursos-vexetais/">PLA</a> branco con formato litofanía.</p>
<p>Foi un <a title="Drama" href="https://gl.wikipedia.org/wiki/Drama">dramaturgo</a>, <a title="Poesía" href="https://gl.wikipedia.org/wiki/Poes%C3%ADa">poeta</a> e <a title="Novela" href="https://gl.wikipedia.org/wiki/Novela">novelista</a> galego en <a title="Lingua castelá" href="https://gl.wikipedia.org/wiki/Lingua_castel%C3%A1">lingua castelá</a>, membro da <a title="Xeración do 98" href="https://gl.wikipedia.org/wiki/Xeraci%C3%B3n_do_98">Xeración do 98</a>, considerado un dos autores máis importantes da <a title="Literatura hispanoamericana" href="https://gl.wikipedia.org/wiki/Literatura_hispanoamericana">literatura hispanoamericana</a> do <a title="Século XX" href="https://gl.wikipedia.org/wiki/S%C3%A9culo_XX">século XX</a>.</p>
<p>O ano <a title="2016" href="https://gl.wikipedia.org/wiki/2016">2016</a> foi declarado Ano Valle-Inclán en conmemoración do 150 aniversario do seu nacemento.</p>
<p>*O material no que está realizado é <a href="https://test.imprimetresde.com/gl/o-noso-material-de-impresion-o-pla-polimero-biodegradabel-procedente-de-recursos-vexetais/">PLA</a>, material procedente de materia vexetal, biodegradábel, non tóxico e ecolóxico</p>
<p>&nbsp;</p>
<p>&nbsp;</p>

<p>Marcapáxinas Valle-Inclán. Elegante marcapáxinas ca figura de <a href="https://gl.wikipedia.org/wiki/Ram%C3%B3n_Mar%C3%ADa_del_Valle-Incl%C3%A1n">Ramón María del Valle-Inclán</a>, tan importante para a literatura dentro do Estado Español. Feito en <a href="https://test.imprimetresde.com/gl/o-noso-material-de-impresion-o-pla-polimero-biodegradabel-procedente-de-recursos-vexetais/">PLA</a> branco con formato litofanía.</p>
