{"id":9932,"date":"2021-04-23T18:22:08","date_gmt":"2021-04-23T16:22:08","guid":{"rendered":"https:\/\/test.imprimetresde.com\/?post_type=product&#038;p=9932"},"modified":"2024-03-14T18:26:26","modified_gmt":"2024-03-14T16:26:26","slug":"marcapaxinas-lorca","status":"publish","type":"product","link":"https:\/\/test.imprimetresde.com\/gl\/produto\/marcapaxinas-lorca\/","title":{"rendered":"Marcap\u00e1xinas Lorca"},"content":{"rendered":"<p>Marcap\u00e1xinas Lorca. Elegante marcap\u00e1xinas ca figura de <a href=\"https:\/\/gl.wikipedia.org\/wiki\/Federico_Garc%C3%ADa_Lorca\">Federico Garc\u00eda Lorca.<\/a> \u00c9 autor en\u00a0<a title=\"Lingua galega\" href=\"https:\/\/gl.wikipedia.org\/wiki\/Lingua_galega\">lingua galega<\/a>\u00a0de\u00a0<i><a title=\"Seis poemas galegos\" href=\"https:\/\/gl.wikipedia.org\/wiki\/Seis_poemas_galegos\">Seis poemas galegos<\/a><\/i>\u00a0(<a title=\"1935\" href=\"https:\/\/gl.wikipedia.org\/wiki\/1935\">1935<\/a>) e \u00e9 o poeta espa\u00f1ol\u00a0m\u00e1is lido de t\u00f3dolos tempos.<sup id=\"cite_ref-1\" class=\"reference\"><a href=\"https:\/\/gl.wikipedia.org\/wiki\/Federico_Garc%C3%ADa_Lorca#cite_note-1\">[1]<\/a><\/sup>\u00a0Morreu\u00a0<a title=\"Fusilamento\" href=\"https:\/\/gl.wikipedia.org\/wiki\/Fusilamento\">fusilado<\/a>\u00a0polas autoridades\u00a0<a title=\"Franquismo\" href=\"https:\/\/gl.wikipedia.org\/wiki\/Franquismo\">franquistas<\/a>\u00a0un mes despois do\u00a0<a title=\"Golpe de Estado do 18 de xullo de 1936\" href=\"https:\/\/gl.wikipedia.org\/wiki\/Golpe_de_Estado_do_18_de_xullo_de_1936\">Golpe de Estado do 18 de xullo de 1936<\/a> .<\/p>\n<p>Feito en <a href=\"https:\/\/test.imprimetresde.com\/gl\/o-noso-material-de-impresion-o-pla-polimero-biodegradabel-procedente-de-recursos-vexetais\/\">PLA<\/a> branco con formato litofan\u00eda.<\/p>\n<p>Chove en Santiago<br \/>\nmeu doce amor.<br \/>\nCamelia branca do ar<br \/>\nbrila entebrecida \u00f4 sol.<\/p>\n<p>Chove en Santiago<br \/>\nna noite escrura.<br \/>\nHerbas de prata e de sono<br \/>\ncobren a valeira l\u00faa.<\/p>\n<p>Seis poemas galegos (1935) Federico Garc\u00eda Lorca.<\/p>\n<p>&nbsp;<\/p>\n","protected":false},"excerpt":{"rendered":"<p>Marcap\u00e1xinas Lorca. Elegante marcap\u00e1xinas ca figura de <a href=\"https:\/\/gl.wikipedia.org\/wiki\/Federico_Garc%C3%ADa_Lorca\">Federico Garc\u00eda Lorca<\/a>. \u00c9 autor en\u00a0<a title=\"Lingua galega\" href=\"https:\/\/gl.wikipedia.org\/wiki\/Lingua_galega\">lingua galega<\/a>\u00a0de\u00a0<i><a title=\"Seis poemas galegos\" href=\"https:\/\/gl.wikipedia.org\/wiki\/Seis_poemas_galegos\">Seis poemas galegos<\/a><\/i>\u00a0(<a title=\"1935\" href=\"https:\/\/gl.wikipedia.org\/wiki\/1935\">1935<\/a>) e \u00e9 o poeta espa\u00f1ol\u00a0m\u00e1is lido de t\u00f3dolos tempos.<sup id=\"cite_ref-1\" class=\"reference\"><a href=\"https:\/\/gl.wikipedia.org\/wiki\/Federico_Garc%C3%ADa_Lorca#cite_note-1\">[1]<\/a><\/sup>\u00a0Morreu\u00a0<a title=\"Fusilamento\" href=\"https:\/\/gl.wikipedia.org\/wiki\/Fusilamento\">fusilado<\/a>\u00a0polas autoridades\u00a0<a title=\"Franquismo\" href=\"https:\/\/gl.wikipedia.org\/wiki\/Franquismo\">franquistas<\/a>\u00a0un mes despois do\u00a0<a title=\"Golpe de Estado do 18 de xullo de 1936\" href=\"https:\/\/gl.wikipedia.org\/wiki\/Golpe_de_Estado_do_18_de_xullo_de_1936\">Golpe de Estado do 18 de xullo de 1936<\/a> .<\/p>\n","protected":false},"featured_media":9933,"comment_status":"open","ping_status":"closed","template":"","meta":{"_vp_format_video_url":"","_vp_image_focal_point":[]},"product_brand":[],"product_cat":[316],"product_tag":[1715,1714,1725,601,1723,1724,1780,410,2508,2507,1394,755,1722,252,1784],"class_list":{"0":"post-9932","1":"product","2":"type-product","3":"status-publish","4":"has-post-thumbnail","6":"product_cat-cultura-gl","7":"product_tag-23-abril","8":"product_tag-dia-do-libro","9":"product_tag-escribir","10":"product_tag-escritor","11":"product_tag-fascismo","12":"product_tag-franquismo","13":"product_tag-fusilado","14":"product_tag-galego","15":"product_tag-impresion-3d-a-coruna","16":"product_tag-impresion-3d-coruna","17":"product_tag-leer-gl","18":"product_tag-literatura","19":"product_tag-lorca","20":"product_tag-marcapaxinas-gl","21":"product_tag-seis-poemas-galegos-gl","23":"first","24":"instock","25":"taxable","26":"shipping-taxable","27":"purchasable","28":"product-type-simple"},"exclude_global_add_ons":[],"addons":[],"_links":{"self":[{"href":"https:\/\/test.imprimetresde.com\/gl\/wp-json\/wp\/v2\/product\/9932","targetHints":{"allow":["GET"]}}],"collection":[{"href":"https:\/\/test.imprimetresde.com\/gl\/wp-json\/wp\/v2\/product"}],"about":[{"href":"https:\/\/test.imprimetresde.com\/gl\/wp-json\/wp\/v2\/types\/product"}],"replies":[{"embeddable":true,"href":"https:\/\/test.imprimetresde.com\/gl\/wp-json\/wp\/v2\/comments?post=9932"}],"wp:featuredmedia":[{"embeddable":true,"href":"https:\/\/test.imprimetresde.com\/gl\/wp-json\/wp\/v2\/media\/9933"}],"wp:attachment":[{"href":"https:\/\/test.imprimetresde.com\/gl\/wp-json\/wp\/v2\/media?parent=9932"}],"wp:term":[{"taxonomy":"product_brand","embeddable":true,"href":"https:\/\/test.imprimetresde.com\/gl\/wp-json\/wp\/v2\/product_brand?post=9932"},{"taxonomy":"product_cat","embeddable":true,"href":"https:\/\/test.imprimetresde.com\/gl\/wp-json\/wp\/v2\/product_cat?post=9932"},{"taxonomy":"product_tag","embeddable":true,"href":"https:\/\/test.imprimetresde.com\/gl\/wp-json\/wp\/v2\/product_tag?post=9932"}],"curies":[{"name":"wp","href":"https:\/\/api.w.org\/{rel}","templated":true}]}}

Marcapáxinas Lorca

<p>Marcapáxinas Lorca. Elegante marcapáxinas ca figura de <a href="https://gl.wikipedia.org/wiki/Federico_Garc%C3%ADa_Lorca">Federico García Lorca.</a> É autor en <a title="Lingua galega" href="https://gl.wikipedia.org/wiki/Lingua_galega">lingua galega</a> de <i><a title="Seis poemas galegos" href="https://gl.wikipedia.org/wiki/Seis_poemas_galegos">Seis poemas galegos</a></i> (<a title="1935" href="https://gl.wikipedia.org/wiki/1935">1935</a>) e é o poeta español máis lido de tódolos tempos.<sup id="cite_ref-1" class="reference"><a href="https://gl.wikipedia.org/wiki/Federico_Garc%C3%ADa_Lorca#cite_note-1">[1]</a></sup> Morreu <a title="Fusilamento" href="https://gl.wikipedia.org/wiki/Fusilamento">fusilado</a> polas autoridades <a title="Franquismo" href="https://gl.wikipedia.org/wiki/Franquismo">franquistas</a> un mes despois do <a title="Golpe de Estado do 18 de xullo de 1936" href="https://gl.wikipedia.org/wiki/Golpe_de_Estado_do_18_de_xullo_de_1936">Golpe de Estado do 18 de xullo de 1936</a> .</p>
<p>Feito en <a href="https://test.imprimetresde.com/gl/o-noso-material-de-impresion-o-pla-polimero-biodegradabel-procedente-de-recursos-vexetais/">PLA</a> branco con formato litofanía.</p>
<p>Chove en Santiago<br />
meu doce amor.<br />
Camelia branca do ar<br />
brila entebrecida ô sol.</p>
<p>Chove en Santiago<br />
na noite escrura.<br />
Herbas de prata e de sono<br />
cobren a valeira lúa.</p>
<p>Seis poemas galegos (1935) Federico García Lorca.</p>
<p>&nbsp;</p>

<p>Marcapáxinas Lorca. Elegante marcapáxinas ca figura de <a href="https://gl.wikipedia.org/wiki/Federico_Garc%C3%ADa_Lorca">Federico García Lorca</a>. É autor en <a title="Lingua galega" href="https://gl.wikipedia.org/wiki/Lingua_galega">lingua galega</a> de <i><a title="Seis poemas galegos" href="https://gl.wikipedia.org/wiki/Seis_poemas_galegos">Seis poemas galegos</a></i> (<a title="1935" href="https://gl.wikipedia.org/wiki/1935">1935</a>) e é o poeta español máis lido de tódolos tempos.<sup id="cite_ref-1" class="reference"><a href="https://gl.wikipedia.org/wiki/Federico_Garc%C3%ADa_Lorca#cite_note-1">[1]</a></sup> Morreu <a title="Fusilamento" href="https://gl.wikipedia.org/wiki/Fusilamento">fusilado</a> polas autoridades <a title="Franquismo" href="https://gl.wikipedia.org/wiki/Franquismo">franquistas</a> un mes despois do <a title="Golpe de Estado do 18 de xullo de 1936" href="https://gl.wikipedia.org/wiki/Golpe_de_Estado_do_18_de_xullo_de_1936">Golpe de Estado do 18 de xullo de 1936</a> .</p>
