{"id":9958,"date":"2021-04-27T17:54:32","date_gmt":"2021-04-27T15:54:32","guid":{"rendered":"https:\/\/test.imprimetresde.com\/?post_type=product&#038;p=9958"},"modified":"2024-03-14T18:24:15","modified_gmt":"2024-03-14T16:24:15","slug":"colar-sacho","status":"publish","type":"product","link":"https:\/\/test.imprimetresde.com\/gl\/produto\/colar-sacho\/","title":{"rendered":"Colar Sacho"},"content":{"rendered":"<p>Colar Sacho dese\u00f1ado pola equipa de <a href=\"https:\/\/test.imprimetresde.com\/gl\/\">Imprimetresde<\/a>. Orixinal Colar de <a href=\"https:\/\/gl.wikipedia.org\/wiki\/Aixada\">Sachos <\/a>\u00a0, con mango en madeira. Ferramenta tam\u00e9n co\u00f1ecida como aixada que consiste nunha peza de\u00a0<a class=\"mw-redirect\" title=\"Metal (material)\" href=\"https:\/\/gl.wikipedia.org\/wiki\/Metal_(material)\">metal<\/a>,\u00a0<a title=\"Ferro\" href=\"https:\/\/gl.wikipedia.org\/wiki\/Ferro\">ferro<\/a>\u00a0polo xeral, en forma de\u00a0<a title=\"Pa (ferramenta)\" href=\"https:\/\/gl.wikipedia.org\/wiki\/Pa_(ferramenta)\">pa<\/a>\u00a0aguzada por un lado e unida a un mango perpendicular, e que se utiliza para cavar ou remexer a terra.<\/p>\n<p>Non sei pode ir m\u00e1is enxebre!<\/p>\n<p>*O material no que est\u00e1 realizado \u00e9 <a href=\"https:\/\/test.imprimetresde.com\/gl\/o-noso-material-de-impresion-o-pla-polimero-biodegradabel-procedente-de-recursos-vexetais\/\">PLA<\/a>, material procedente de materia vexetal, biodegrad\u00e1bel, non t\u00f3xico e ecol\u00f3xico.<\/p>\n","protected":false},"excerpt":{"rendered":"<p>Colar Sacho dese\u00f1ado pola equipa de <a href=\"https:\/\/test.imprimetresde.com\/gl\/\">Imprimetresde<\/a>. Orixinal Colar de <a href=\"https:\/\/gl.wikipedia.org\/wiki\/Aixada\">Sachos <\/a>\u00a0, con mango en madeira. Ferramenta tam\u00e9n co\u00f1ecida como aixada.<\/p>\n","protected":false},"featured_media":9962,"comment_status":"open","ping_status":"closed","template":"","meta":{"_vp_format_video_url":"","_vp_image_focal_point":[]},"product_brand":[],"product_cat":[1312,315],"product_tag":[566,388,1746,2508,2507,1736,968,1747,1745,1735],"class_list":{"0":"post-9958","1":"product","2":"type-product","3":"status-publish","4":"has-post-thumbnail","6":"product_cat-colgantes-gl","7":"product_cat-complementos-gl","8":"product_tag-agasallo","9":"product_tag-colar","10":"product_tag-horta","11":"product_tag-impresion-3d-a-coruna","12":"product_tag-impresion-3d-coruna","13":"product_tag-labrar","14":"product_tag-regalo-gl","15":"product_tag-sachar","16":"product_tag-sacho","17":"product_tag-terra","19":"first","20":"instock","21":"sale","22":"taxable","23":"shipping-taxable","24":"purchasable","25":"product-type-simple"},"exclude_global_add_ons":false,"addons":[{"name":"Material da Cadea (opcional)","type":"checkbox","position":0,"required":false,"title_format":"label","default":"","description_enable":true,"description":"Opci\u00f3n de facer a peza con cadea e accesorios de prata 925, de primera lei.","placeholder_enable":false,"placeholder":"","display":"select","restrictions_type":"any_text","adjust_price":false,"price":"","price_type":"flat_fee","restrictions":false,"min":"0","max":"0","options":[{"label":"Prata","price":"10","price_type":"flat_fee","image":0,"visibility":true}]}],"_links":{"self":[{"href":"https:\/\/test.imprimetresde.com\/gl\/wp-json\/wp\/v2\/product\/9958","targetHints":{"allow":["GET"]}}],"collection":[{"href":"https:\/\/test.imprimetresde.com\/gl\/wp-json\/wp\/v2\/product"}],"about":[{"href":"https:\/\/test.imprimetresde.com\/gl\/wp-json\/wp\/v2\/types\/product"}],"replies":[{"embeddable":true,"href":"https:\/\/test.imprimetresde.com\/gl\/wp-json\/wp\/v2\/comments?post=9958"}],"wp:featuredmedia":[{"embeddable":true,"href":"https:\/\/test.imprimetresde.com\/gl\/wp-json\/wp\/v2\/media\/9962"}],"wp:attachment":[{"href":"https:\/\/test.imprimetresde.com\/gl\/wp-json\/wp\/v2\/media?parent=9958"}],"wp:term":[{"taxonomy":"product_brand","embeddable":true,"href":"https:\/\/test.imprimetresde.com\/gl\/wp-json\/wp\/v2\/product_brand?post=9958"},{"taxonomy":"product_cat","embeddable":true,"href":"https:\/\/test.imprimetresde.com\/gl\/wp-json\/wp\/v2\/product_cat?post=9958"},{"taxonomy":"product_tag","embeddable":true,"href":"https:\/\/test.imprimetresde.com\/gl\/wp-json\/wp\/v2\/product_tag?post=9958"}],"curies":[{"name":"wp","href":"https:\/\/api.w.org\/{rel}","templated":true}]}}

<p>Colar Sacho deseñado pola equipa de <a href="https://test.imprimetresde.com/gl/">Imprimetresde</a>. Orixinal Colar de <a href="https://gl.wikipedia.org/wiki/Aixada">Sachos </a> , con mango en madeira. Ferramenta tamén coñecida como aixada que consiste nunha peza de <a class="mw-redirect" title="Metal (material)" href="https://gl.wikipedia.org/wiki/Metal_(material)">metal</a>, <a title="Ferro" href="https://gl.wikipedia.org/wiki/Ferro">ferro</a> polo xeral, en forma de <a title="Pa (ferramenta)" href="https://gl.wikipedia.org/wiki/Pa_(ferramenta)">pa</a> aguzada por un lado e unida a un mango perpendicular, e que se utiliza para cavar ou remexer a terra.</p>
<p>Non sei pode ir máis enxebre!</p>
<p>*O material no que está realizado é <a href="https://test.imprimetresde.com/gl/o-noso-material-de-impresion-o-pla-polimero-biodegradabel-procedente-de-recursos-vexetais/">PLA</a>, material procedente de materia vexetal, biodegradábel, non tóxico e ecolóxico.</p>

<p>Colar Sacho deseñado pola equipa de <a href="https://test.imprimetresde.com/gl/">Imprimetresde</a>. Orixinal Colar de <a href="https://gl.wikipedia.org/wiki/Aixada">Sachos </a> , con mango en madeira. Ferramenta tamén coñecida como aixada.</p>

Opción de facer a peza con cadea e accesorios de prata 925, de primera lei.
