{"id":10586,"date":"2018-09-28T13:26:30","date_gmt":"2018-09-28T11:26:30","guid":{"rendered":"https:\/\/test.imprimetresde.com\/producto\/anel-rosalia\/"},"modified":"2025-03-26T18:17:47","modified_gmt":"2025-03-26T16:17:47","slug":"anel-rosalia","status":"publish","type":"product","link":"https:\/\/test.imprimetresde.com\/pt-pt\/producto\/anel-rosalia\/","title":{"rendered":"Anel Rosal\u00eda"},"content":{"rendered":"<p>Anel Rosal\u00eda pertencente \u00e1 colecci\u00f3n en homenaxe \u00e1 escritora galega m\u00e1is universal, <a href=\"https:\/\/gl.wikipedia.org\/wiki\/Rosal%C3%ADa_de_Castro\">Rosal\u00eda de Castro<\/a>. Dese\u00f1ado pola equipa de <a href=\"https:\/\/test.imprimetresde.com\/gl\/\">Imprimetresde<\/a>, os aneis van en diferentes cores ca forza que transmite a s\u00faa imaxe.\u00a0 Podes adquirir tam\u00e9n o colar e o broche para completar a t\u00faa colecci\u00f3n.<\/p>\n<p>Dalle un toque feminista e reivindicativo ao teu look!<\/p>\n<p>*O material no que est\u00e1 realizado \u00e9 <a href=\"https:\/\/test.imprimetresde.com\/gl\/o-noso-material-de-impresion-o-pla-polimero-biodegradabel-procedente-de-recursos-vexetais\/\">PLA<\/a>, material procedente de materia vexetal, biodegrad\u00e1bel, non t\u00f3xico e ecol\u00f3xico<\/p>\n","protected":false},"excerpt":{"rendered":"<p>Anel Rosal\u00eda pertencente \u00e1 colecci\u00f3n en homenaxe \u00e1 escritora galega m\u00e1is universal, <a href=\"https:\/\/gl.wikipedia.org\/wiki\/Rosal%C3%ADa_de_Castro\">Rosal\u00eda de Castro<\/a>. Dese\u00f1ado pola equipa de <a href=\"https:\/\/test.imprimetresde.com\/gl\/\">Imprimetresde<\/a>, os aneis van en diferentes cores ca forza que transmite a s\u00faa imaxe.<\/p>\n","protected":false},"featured_media":7031,"comment_status":"open","ping_status":"closed","template":"","meta":{"_vp_format_video_url":"","_vp_image_focal_point":[]},"product_brand":[],"product_cat":[1043,1042,996],"product_tag":[1873,1870,1869,1702,2552,2551,1872,1001,1002,1871,1874],"class_list":{"0":"post-10586","1":"product","2":"type-product","3":"status-publish","4":"has-post-thumbnail","6":"product_cat-activismo-pt-pt","7":"product_cat-complementos-pt-pt","8":"product_cat-cultura-pt-pt","9":"product_tag-anel-pt-pt","10":"product_tag-escritora-pt-pt","11":"product_tag-feminista-pt-pt","12":"product_tag-galega-pt-pt","13":"product_tag-impresion-3d-a-coruna-pt-pt","14":"product_tag-impresion-3d-coruna-pt-pt","15":"product_tag-literatura-pt-pt","16":"product_tag-livros","17":"product_tag-poesia-pt-pt","18":"product_tag-poeta-pt-pt","19":"product_tag-rosalia-pt-pt","21":"first","22":"instock","23":"taxable","24":"shipping-taxable","25":"purchasable","26":"product-type-variable"},"exclude_global_add_ons":false,"addons":[{"name":"Material do Anel (opcional) - Prata","type":"checkbox","position":0,"required":false,"title_format":"label","default":"","description_enable":true,"description":"Opci\u00f3n de realizar a peza con anel de prata 925, de primeira lei.","placeholder_enable":false,"placeholder":"","display":"select","restrictions_type":"any_text","adjust_price":false,"price":"","price_type":"flat_fee","restrictions":false,"min":"0","max":"0","options":[{"label":"Prata","price":"10","price_type":"flat_fee","image":0,"visibility":true}]}],"_links":{"self":[{"href":"https:\/\/test.imprimetresde.com\/pt-pt\/wp-json\/wp\/v2\/product\/10586","targetHints":{"allow":["GET"]}}],"collection":[{"href":"https:\/\/test.imprimetresde.com\/pt-pt\/wp-json\/wp\/v2\/product"}],"about":[{"href":"https:\/\/test.imprimetresde.com\/pt-pt\/wp-json\/wp\/v2\/types\/product"}],"replies":[{"embeddable":true,"href":"https:\/\/test.imprimetresde.com\/pt-pt\/wp-json\/wp\/v2\/comments?post=10586"}],"wp:featuredmedia":[{"embeddable":true,"href":"https:\/\/test.imprimetresde.com\/pt-pt\/wp-json\/wp\/v2\/media\/7031"}],"wp:attachment":[{"href":"https:\/\/test.imprimetresde.com\/pt-pt\/wp-json\/wp\/v2\/media?parent=10586"}],"wp:term":[{"taxonomy":"product_brand","embeddable":true,"href":"https:\/\/test.imprimetresde.com\/pt-pt\/wp-json\/wp\/v2\/product_brand?post=10586"},{"taxonomy":"product_cat","embeddable":true,"href":"https:\/\/test.imprimetresde.com\/pt-pt\/wp-json\/wp\/v2\/product_cat?post=10586"},{"taxonomy":"product_tag","embeddable":true,"href":"https:\/\/test.imprimetresde.com\/pt-pt\/wp-json\/wp\/v2\/product_tag?post=10586"}],"curies":[{"name":"wp","href":"https:\/\/api.w.org\/{rel}","templated":true}]}}

Anel Rosalía

<p>Anel Rosalía pertencente á colección en homenaxe á escritora galega máis universal, <a href="https://gl.wikipedia.org/wiki/Rosal%C3%ADa_de_Castro">Rosalía de Castro</a>. Deseñado pola equipa de <a href="https://test.imprimetresde.com/gl/">Imprimetresde</a>, os aneis van en diferentes cores ca forza que transmite a súa imaxe.  Podes adquirir tamén o colar e o broche para completar a túa colección.</p>
<p>Dalle un toque feminista e reivindicativo ao teu look!</p>
<p>*O material no que está realizado é <a href="https://test.imprimetresde.com/gl/o-noso-material-de-impresion-o-pla-polimero-biodegradabel-procedente-de-recursos-vexetais/">PLA</a>, material procedente de materia vexetal, biodegradábel, non tóxico e ecolóxico</p>

<p>Anel Rosalía pertencente á colección en homenaxe á escritora galega máis universal, <a href="https://gl.wikipedia.org/wiki/Rosal%C3%ADa_de_Castro">Rosalía de Castro</a>. Deseñado pola equipa de <a href="https://test.imprimetresde.com/gl/">Imprimetresde</a>, os aneis van en diferentes cores ca forza que transmite a súa imaxe.</p>

Opción de realizar a peza con anel de prata 925, de primeira lei.
