{"id":12364,"date":"2017-10-26T19:01:06","date_gmt":"2017-10-26T17:01:06","guid":{"rendered":"https:\/\/test.imprimetresde.com\/producto\/coleccao-samain\/"},"modified":"2025-03-26T19:00:07","modified_gmt":"2025-03-26T17:00:07","slug":"coleccao-samain","status":"publish","type":"product","link":"https:\/\/test.imprimetresde.com\/pt-pt\/producto\/coleccao-samain\/","title":{"rendered":"Colec\u00e7\u00e3o Sama\u00edn"},"content":{"rendered":"<p>Colec\u00e7\u00e3o <a href=\"https:\/\/gl.wikipedia.org\/wiki\/Sama%C3%ADn\">Sama\u00edn-Noite dos medos<\/a>,\u00a0uma festa associada ao ciclo anual do sol que j\u00e1 faz parte do Patrim\u00f3nio Imaterial da Galiza e do Norte de Portugal. A recupera\u00e7\u00e3o da tradi\u00e7\u00e3o envolve v\u00e1rias escolas que promovem actividades que, por sua vez, est\u00e3o inseridas na promo\u00e7\u00e3o da candidatura a Patrim\u00f3nio Imaterial.<\/p>\n<p>Desfrute da sua Cole\u00e7\u00e3o Sama\u00edn-Noite dos Medoos nas festas mais aterradoras!<\/p>\n<p>V\u00e1rias aldeias da Galiza come\u00e7aram a recuperar as festas, apoiadas na recolha de testemunhos e documentos sobre as antigas tradi\u00e7\u00f5es locais associadas ao Magosto. No entanto, s\u00f3 a partir dos anos 90 \u00e9 que esta festa come\u00e7ou a ser celebrada na Galiza com o nome de Sama\u00edn, mantendo o nome celta nas suas variantes moderna (Samhain) ou antiga (samain) samain, sama\u00edn ou samhain, do ga\u00e9lico irland\u00eas. Atualmente, \u00e9 comum encontr\u00e1-lo referenciado em diversas express\u00f5es culturais e festivas (festas escolares ou sociais) relacionadas com esta data, tendo substitu\u00eddo significativamente o termo Halloween. A grafia mais comum atualmente \u00e9 sama\u00edn, embora o acento e a acentua\u00e7\u00e3o aguda n\u00e3o fa\u00e7am parte da palavra irlandesa original e n\u00e3o correspondam a uma adapta\u00e7\u00e3o fon\u00e9tica.<\/p>\n<p>*O material em que s\u00e3o fabricados \u00e9 o PLA, material de origem vegetal, biodegrad\u00e1vel, n\u00e3o t\u00f3xico e amigo do ambiente.<\/p>\n<p><script src=\"moz-extension:\/\/5bdaac7b-9cd7-491b-8ff4-ed31f89b43b7\/js\/app.js\" type=\"text\/javascript\"><\/script><\/p>\n","protected":false},"excerpt":{"rendered":"<p>Cole\u00e7\u00e3o Sama\u00edn-Noite dos Medos, uma festa associada ao ciclo anual do sol que j\u00e1 faz parte do Patrim\u00f3nio Imaterial da Galiza e do Norte de Portugal. A recupera\u00e7\u00e3o da tradi\u00e7\u00e3o envolve v\u00e1rias escolas que promovem actividades que, por sua vez, est\u00e3o inseridas na promo\u00e7\u00e3o da candidatura a Patrim\u00f3nio Imaterial.<\/p>\n<p>Desfrute da sua Cole\u00e7\u00e3o Sama\u00edn nas festas mais aterradoras!<\/p>\n<p>*O material em que s\u00e3o fabricados \u00e9 o \u00a0<a href=\"https:\/\/test.imprimetresde.com\/gl\/o-noso-material-de-impresion-o-pla-polimero-biodegradabel-procedente-de-recursos-vexetais\/\">PLA<\/a>, material de origem vegetal, biodegrad\u00e1vel, n\u00e3o t\u00f3xico e amigo do ambiente.<\/p>\n<p><script src=\"moz-extension:\/\/5bdaac7b-9cd7-491b-8ff4-ed31f89b43b7\/js\/app.js\" type=\"text\/javascript\"><\/script><\/p>\n","protected":false},"featured_media":12354,"comment_status":"open","ping_status":"closed","template":"","meta":{"_vp_format_video_url":"","_vp_image_focal_point":[]},"product_brand":[],"product_cat":[1313,1042,996],"product_tag":[2349,2351,2350,2277,2282,2280,2276,2281],"class_list":{"0":"post-12364","1":"product","2":"type-product","3":"status-publish","4":"has-post-thumbnail","6":"product_cat-brincos","7":"product_cat-complementos-pt-pt","8":"product_cat-cultura-pt-pt","9":"product_tag-abobora","10":"product_tag-calacus-pt-pt","11":"product_tag-cultura-pt-pt","12":"product_tag-halloween-pt-pt","13":"product_tag-meedo","14":"product_tag-noite-dos-mortos","15":"product_tag-samain-pt-pt","16":"product_tag-truco-o-trato-pt-pt","18":"first","19":"instock","20":"sale","21":"taxable","22":"shipping-taxable","23":"product-type-grouped"},"exclude_global_add_ons":false,"addons":[{"name":"Material de las fornituras (opcional)","type":"checkbox","position":0,"required":false,"title_format":"label","default":"","description_enable":true,"description":"Opci\u00f3n de incorporar fornituras de plata 925, de primera ley.","placeholder_enable":false,"placeholder":"","display":"select","restrictions_type":"any_text","adjust_price":false,"price":"","price_type":"flat_fee","restrictions":false,"min":"0","max":"0","options":[{"label":"Plata","price":"5","price_type":"flat_fee","image":0,"visibility":true}]}],"_links":{"self":[{"href":"https:\/\/test.imprimetresde.com\/pt-pt\/wp-json\/wp\/v2\/product\/12364","targetHints":{"allow":["GET"]}}],"collection":[{"href":"https:\/\/test.imprimetresde.com\/pt-pt\/wp-json\/wp\/v2\/product"}],"about":[{"href":"https:\/\/test.imprimetresde.com\/pt-pt\/wp-json\/wp\/v2\/types\/product"}],"replies":[{"embeddable":true,"href":"https:\/\/test.imprimetresde.com\/pt-pt\/wp-json\/wp\/v2\/comments?post=12364"}],"wp:featuredmedia":[{"embeddable":true,"href":"https:\/\/test.imprimetresde.com\/pt-pt\/wp-json\/wp\/v2\/media\/12354"}],"wp:attachment":[{"href":"https:\/\/test.imprimetresde.com\/pt-pt\/wp-json\/wp\/v2\/media?parent=12364"}],"wp:term":[{"taxonomy":"product_brand","embeddable":true,"href":"https:\/\/test.imprimetresde.com\/pt-pt\/wp-json\/wp\/v2\/product_brand?post=12364"},{"taxonomy":"product_cat","embeddable":true,"href":"https:\/\/test.imprimetresde.com\/pt-pt\/wp-json\/wp\/v2\/product_cat?post=12364"},{"taxonomy":"product_tag","embeddable":true,"href":"https:\/\/test.imprimetresde.com\/pt-pt\/wp-json\/wp\/v2\/product_tag?post=12364"}],"curies":[{"name":"wp","href":"https:\/\/api.w.org\/{rel}","templated":true}]}}

Colecção Samaín

<p>Colecção <a href="https://gl.wikipedia.org/wiki/Sama%C3%ADn">Samaín-Noite dos medos</a>, uma festa associada ao ciclo anual do sol que já faz parte do Património Imaterial da Galiza e do Norte de Portugal. A recuperação da tradição envolve várias escolas que promovem actividades que, por sua vez, estão inseridas na promoção da candidatura a Património Imaterial.</p>
<p>Desfrute da sua Coleção Samaín-Noite dos Medoos nas festas mais aterradoras!</p>
<p>Várias aldeias da Galiza começaram a recuperar as festas, apoiadas na recolha de testemunhos e documentos sobre as antigas tradições locais associadas ao Magosto. No entanto, só a partir dos anos 90 é que esta festa começou a ser celebrada na Galiza com o nome de Samaín, mantendo o nome celta nas suas variantes moderna (Samhain) ou antiga (samain) samain, samaín ou samhain, do gaélico irlandês. Atualmente, é comum encontrá-lo referenciado em diversas expressões culturais e festivas (festas escolares ou sociais) relacionadas com esta data, tendo substituído significativamente o termo Halloween. A grafia mais comum atualmente é samaín, embora o acento e a acentuação aguda não façam parte da palavra irlandesa original e não correspondam a uma adaptação fonética.</p>
<p>*O material em que são fabricados é o PLA, material de origem vegetal, biodegradável, não tóxico e amigo do ambiente.</p>
<p><script src="moz-extension://5bdaac7b-9cd7-491b-8ff4-ed31f89b43b7/js/app.js" type="text/javascript"></script></p>

<p>Coleção Samaín-Noite dos Medos, uma festa associada ao ciclo anual do sol que já faz parte do Património Imaterial da Galiza e do Norte de Portugal. A recuperação da tradição envolve várias escolas que promovem actividades que, por sua vez, estão inseridas na promoção da candidatura a Património Imaterial.</p>
<p>Desfrute da sua Coleção Samaín nas festas mais aterradoras!</p>
<p>*O material em que são fabricados é o  <a href="https://test.imprimetresde.com/gl/o-noso-material-de-impresion-o-pla-polimero-biodegradabel-procedente-de-recursos-vexetais/">PLA</a>, material de origem vegetal, biodegradável, não tóxico e amigo do ambiente.</p>
<p><script src="moz-extension://5bdaac7b-9cd7-491b-8ff4-ed31f89b43b7/js/app.js" type="text/javascript"></script></p>

Opción de incorporar fornituras de plata 925, de primera ley.
