{"id":12365,"date":"2017-10-24T13:29:31","date_gmt":"2017-10-24T11:29:31","guid":{"rendered":"https:\/\/test.imprimetresde.com\/producto\/colgante-folha-de-carvalho\/"},"modified":"2023-10-31T12:01:19","modified_gmt":"2023-10-31T10:01:19","slug":"colgante-folha-de-carvalho","status":"publish","type":"product","link":"https:\/\/test.imprimetresde.com\/pt-pt\/producto\/colgante-folha-de-carvalho\/","title":{"rendered":"Colar Folha de Carvalho"},"content":{"rendered":"<p>Colar Folha de <a href=\"https:\/\/gl.wikipedia.org\/wiki\/Carballo_com%C3%BAn\">Carvalho<\/a>,\u00a0design original da I3D. Fabricado em madeira, com muito estilo e uma elegante corrente de a\u00e7o inoxid\u00e1vel ou prata.<\/p>\n<p>*O material em que \u00e9 fabricado \u00e9 <a href=\"https:\/\/test.imprimetresde.com\/gl\/o-noso-material-de-impresion-o-pla-polimero-biodegradabel-procedente-de-recursos-vexetais\/\">PLA<\/a> (material de origem vegetal, biodegrad\u00e1vel, n\u00e3o t\u00f3xico e ecol\u00f3gico) e mais de 80% de madeira.<\/p>\n<p>&nbsp;<\/p>\n","protected":false},"excerpt":{"rendered":"<p>Colar Folha de <a href=\"https:\/\/gl.wikipedia.org\/wiki\/Carballo_com%C3%BAn\">Carvalho<\/a>,\u00a0design original da I3D. Fabricado em madeira, com muito estilo e uma elegante corrente de a\u00e7o inoxid\u00e1vel ou prata.<\/p>\n<p>&nbsp;<\/p>\n","protected":false},"featured_media":12366,"comment_status":"open","ping_status":"closed","template":"","meta":{"_vp_format_video_url":"","_vp_image_focal_point":[]},"product_brand":[],"product_cat":[1314,1042],"product_tag":[2352,2357,2356,2358,2359,2355,2354,2353,1136,2169,1705],"class_list":{"0":"post-12365","1":"product","2":"type-product","3":"status-publish","4":"has-post-thumbnail","6":"product_cat-colares","7":"product_cat-complementos-pt-pt","8":"product_tag-acessorio","9":"product_tag-arvore","10":"product_tag-carvalho","11":"product_tag-colar-pt-pt","12":"product_tag-floresta","13":"product_tag-folha","14":"product_tag-madeira-pt-pt","15":"product_tag-moda-pt-pt","16":"product_tag-pingente-pt-pt-2","17":"product_tag-souvenir-pt-pt","18":"product_tag-tipico-pt-pt","20":"first","21":"instock","22":"featured","23":"taxable","24":"shipping-taxable","25":"purchasable","26":"product-type-simple"},"exclude_global_add_ons":false,"addons":[{"name":"Material da Cadea (opcional)","type":"checkbox","position":0,"required":false,"title_format":"label","default":"","description_enable":true,"description":"Op\u00e7ao de facer a pe\u00e7a con cadea e accesorios de prata 925, de primera lei.","placeholder_enable":false,"placeholder":"","display":"select","restrictions_type":"any_text","adjust_price":false,"price":"","price_type":"flat_fee","restrictions":false,"min":"0","max":"0","options":[{"label":"Prata","price":"10","price_type":"flat_fee","image":0,"visibility":true}]}],"_links":{"self":[{"href":"https:\/\/test.imprimetresde.com\/pt-pt\/wp-json\/wp\/v2\/product\/12365","targetHints":{"allow":["GET"]}}],"collection":[{"href":"https:\/\/test.imprimetresde.com\/pt-pt\/wp-json\/wp\/v2\/product"}],"about":[{"href":"https:\/\/test.imprimetresde.com\/pt-pt\/wp-json\/wp\/v2\/types\/product"}],"replies":[{"embeddable":true,"href":"https:\/\/test.imprimetresde.com\/pt-pt\/wp-json\/wp\/v2\/comments?post=12365"}],"wp:featuredmedia":[{"embeddable":true,"href":"https:\/\/test.imprimetresde.com\/pt-pt\/wp-json\/wp\/v2\/media\/12366"}],"wp:attachment":[{"href":"https:\/\/test.imprimetresde.com\/pt-pt\/wp-json\/wp\/v2\/media?parent=12365"}],"wp:term":[{"taxonomy":"product_brand","embeddable":true,"href":"https:\/\/test.imprimetresde.com\/pt-pt\/wp-json\/wp\/v2\/product_brand?post=12365"},{"taxonomy":"product_cat","embeddable":true,"href":"https:\/\/test.imprimetresde.com\/pt-pt\/wp-json\/wp\/v2\/product_cat?post=12365"},{"taxonomy":"product_tag","embeddable":true,"href":"https:\/\/test.imprimetresde.com\/pt-pt\/wp-json\/wp\/v2\/product_tag?post=12365"}],"curies":[{"name":"wp","href":"https:\/\/api.w.org\/{rel}","templated":true}]}}

<p>Colar Folha de <a href="https://gl.wikipedia.org/wiki/Carballo_com%C3%BAn">Carvalho</a>, design original da I3D. Fabricado em madeira, com muito estilo e uma elegante corrente de aço inoxidável ou prata.</p>
<p>*O material em que é fabricado é <a href="https://test.imprimetresde.com/gl/o-noso-material-de-impresion-o-pla-polimero-biodegradabel-procedente-de-recursos-vexetais/">PLA</a> (material de origem vegetal, biodegradável, não tóxico e ecológico) e mais de 80% de madeira.</p>
<p>&nbsp;</p>

<p>Colar Folha de <a href="https://gl.wikipedia.org/wiki/Carballo_com%C3%BAn">Carvalho</a>, design original da I3D. Fabricado em madeira, com muito estilo e uma elegante corrente de aço inoxidável ou prata.</p>
<p>&nbsp;</p>

Opçao de facer a peça con cadea e accesorios de prata 925, de primera lei.
