{"id":12373,"date":"2022-10-26T12:30:43","date_gmt":"2022-10-26T10:30:43","guid":{"rendered":"https:\/\/test.imprimetresde.com\/producto\/12373\/"},"modified":"2025-03-26T17:45:13","modified_gmt":"2025-03-26T15:45:13","slug":"mortinhos-da-santa-companha","status":"publish","type":"product","link":"https:\/\/test.imprimetresde.com\/pt-pt\/producto\/mortinhos-da-santa-companha\/","title":{"rendered":"Mortinhos da Santa Companha"},"content":{"rendered":"<p>Mortinhos da Santa Companha, cria\u00e7\u00e3o original de I3D &#8211; Imprimetresde em homenagem \u00e0 crenza na prociss\u00e3o da <a href=\"https:\/\/gl.wikipedia.org\/wiki\/Santa_Compa%C3%B1a\"> Santa Companha.<\/a><\/p>\n<p>A Santa Companha (ou Acompanhamento) \u00e9 uma das lendas da mitologias populares galega e do Norte de Portugal. Tamb\u00e9m se registra uma lenda similar em Ast\u00farias, chamada de G\u00fcestia (Hoste) e no Brasil.<\/p>\n<p>Tradicionalmente \u00e9 descrita como uma prociss\u00e3o de mortos ou almas em pena que \u00e0 noite percorre os caminhos duma par\u00f3quia portando c\u00edrios, sendo o cheiro \u00e0 cera o principal sinal de que a Santa Companha anda perto.<\/p>\n<p>Sua miss\u00e3o \u00e9 visitar todas aquelas casas nas quais pronto haver\u00e1 um passamento (morte).<\/p>\n<p>Feitos em PLA preto-lil\u00e1s e PLA GLOW in the dark, brilhar no escuro!<\/p>\n<p>Escolha um dos Morti\u00f1os da Santa Compa\u00f1a ou obtenha a cole\u00e7\u00e3o completa!<\/p>\n<p>Desenho realizado em colabora\u00e7\u00e3o com o designer Juan Calo.<\/p>\n<p>A Santa Companha \u00e9 uma prociss\u00e3o de mortos ou almas penadas que percorre as ruas de uma par\u00f3quia. \u00c9 um tema do folclore galego. O tema da prociss\u00e3o dos mortos e\/ou das almas \u00e9 t\u00edpico da literatura e das tradi\u00e7\u00f5es culturais da Europa Ocidental desde a Idade M\u00e9dia. Considera-se que a \u00e1rea geogr\u00e1fica &#8220;galega&#8221; em que a Santa Compa\u00f1a teve uma influ\u00eancia mais not\u00e1vel \u00e9 o territ\u00f3rio correspondente \u00e0 antiga Gallaecia, incluindo o norte de Portugal e as Ast\u00farias[1], uma vez que esta \u00e1rea tem caracter\u00edsticas que a identificam como uma comunidade, reflectidas nas suas hist\u00f3rias e na sua literatura e evid\u00eancias do fen\u00f3meno (Fonte: Galipedia).<\/p>\n<p>*O material em que s\u00e3o fabricados \u00e9 o <a href=\"https:\/\/test.imprimetresde.com\/gl\/o-noso-material-de-impresion-o-pla-polimero-biodegradabel-procedente-de-recursos-vexetais\/\">PLA<\/a>, material de origem vegetal, biodegrad\u00e1vel, n\u00e3o t\u00f3xico e amigo do ambiente<\/p>\n<p>&nbsp;<\/p>\n<p>&nbsp;<\/p>\n","protected":false},"excerpt":{"rendered":"<p>Morti\u00f1os da Santa Compa\u00f1a, cria\u00e7\u00e3o original de I3D &#8211; Imprimetresde em homenagem \u00e0 crenza na prociss\u00e3o da <a href=\"https:\/\/gl.wikipedia.org\/wiki\/Santa_Compa%C3%B1a\"> Santa Companha.<\/a>Feitos em PLA preto-lil\u00e1s e PLA GLOW in the dark, brilhar no escuro!<\/p>\n<p>Escolha um dos Morti\u00f1os da Santa Compa\u00f1a ou obtenha a cole\u00e7\u00e3o completa!<\/p>\n<p>Desenho realizado em colabora\u00e7\u00e3o com o designer Juan Calo.<\/p>\n","protected":false},"featured_media":12319,"comment_status":"open","ping_status":"closed","template":"","meta":{"_vp_format_video_url":"","_vp_image_focal_point":[]},"product_brand":[],"product_cat":[996],"product_tag":[2384,2378,2375,2372,2377,2381,1139,1138,2277,2552,2551,2380,2374,2373,2280,2382,2379,2276,2376,2169,2283,2383],"class_list":{"0":"post-12373","1":"product","2":"type-product","3":"status-publish","4":"has-post-thumbnail","6":"product_cat-cultura-pt-pt","7":"product_tag-1-de-novembro-pt-pt","8":"product_tag-alma-penada","9":"product_tag-almas-pt-pt","10":"product_tag-ancestral-pt-pt","11":"product_tag-caminhos","12":"product_tag-ceu","13":"product_tag-dia-da-mae-pt-pt","14":"product_tag-dia-do-pae-pt-pt","15":"product_tag-halloween-pt-pt","16":"product_tag-impresion-3d-a-coruna-pt-pt","17":"product_tag-impresion-3d-coruna-pt-pt","18":"product_tag-inferno-pt-pt","19":"product_tag-mortinhos","20":"product_tag-mortos-pt-pt","21":"product_tag-noite-dos-mortos","22":"product_tag-processao","23":"product_tag-purgatorio-pt-pt","24":"product_tag-samain-pt-pt","25":"product_tag-santa-companha","26":"product_tag-souvenir-pt-pt","27":"product_tag-tradicon","28":"product_tag-vivos-pt-pt","30":"first","31":"instock","32":"sale","33":"taxable","34":"shipping-taxable","35":"purchasable","36":"product-type-variable"},"exclude_global_add_ons":[],"addons":[],"_links":{"self":[{"href":"https:\/\/test.imprimetresde.com\/pt-pt\/wp-json\/wp\/v2\/product\/12373","targetHints":{"allow":["GET"]}}],"collection":[{"href":"https:\/\/test.imprimetresde.com\/pt-pt\/wp-json\/wp\/v2\/product"}],"about":[{"href":"https:\/\/test.imprimetresde.com\/pt-pt\/wp-json\/wp\/v2\/types\/product"}],"replies":[{"embeddable":true,"href":"https:\/\/test.imprimetresde.com\/pt-pt\/wp-json\/wp\/v2\/comments?post=12373"}],"wp:featuredmedia":[{"embeddable":true,"href":"https:\/\/test.imprimetresde.com\/pt-pt\/wp-json\/wp\/v2\/media\/12319"}],"wp:attachment":[{"href":"https:\/\/test.imprimetresde.com\/pt-pt\/wp-json\/wp\/v2\/media?parent=12373"}],"wp:term":[{"taxonomy":"product_brand","embeddable":true,"href":"https:\/\/test.imprimetresde.com\/pt-pt\/wp-json\/wp\/v2\/product_brand?post=12373"},{"taxonomy":"product_cat","embeddable":true,"href":"https:\/\/test.imprimetresde.com\/pt-pt\/wp-json\/wp\/v2\/product_cat?post=12373"},{"taxonomy":"product_tag","embeddable":true,"href":"https:\/\/test.imprimetresde.com\/pt-pt\/wp-json\/wp\/v2\/product_tag?post=12373"}],"curies":[{"name":"wp","href":"https:\/\/api.w.org\/{rel}","templated":true}]}}

<p>Mortinhos da Santa Companha, criação original de I3D &#8211; Imprimetresde em homenagem à crenza na procissão da <a href="https://gl.wikipedia.org/wiki/Santa_Compa%C3%B1a"> Santa Companha.</a></p>
<p>A Santa Companha (ou Acompanhamento) é uma das lendas da mitologias populares galega e do Norte de Portugal. Também se registra uma lenda similar em Astúrias, chamada de Güestia (Hoste) e no Brasil.</p>
<p>Tradicionalmente é descrita como uma procissão de mortos ou almas em pena que à noite percorre os caminhos duma paróquia portando círios, sendo o cheiro à cera o principal sinal de que a Santa Companha anda perto.</p>
<p>Sua missão é visitar todas aquelas casas nas quais pronto haverá um passamento (morte).</p>
<p>Feitos em PLA preto-lilás e PLA GLOW in the dark, brilhar no escuro!</p>
<p>Escolha um dos Mortiños da Santa Compaña ou obtenha a coleção completa!</p>
<p>Desenho realizado em colaboração com o designer Juan Calo.</p>
<p>A Santa Companha é uma procissão de mortos ou almas penadas que percorre as ruas de uma paróquia. É um tema do folclore galego. O tema da procissão dos mortos e/ou das almas é típico da literatura e das tradições culturais da Europa Ocidental desde a Idade Média. Considera-se que a área geográfica &#8220;galega&#8221; em que a Santa Compaña teve uma influência mais notável é o território correspondente à antiga Gallaecia, incluindo o norte de Portugal e as Astúrias[1], uma vez que esta área tem características que a identificam como uma comunidade, reflectidas nas suas histórias e na sua literatura e evidências do fenómeno (Fonte: Galipedia).</p>
<p>*O material em que são fabricados é o <a href="https://test.imprimetresde.com/gl/o-noso-material-de-impresion-o-pla-polimero-biodegradabel-procedente-de-recursos-vexetais/">PLA</a>, material de origem vegetal, biodegradável, não tóxico e amigo do ambiente</p>
<p>&nbsp;</p>
<p>&nbsp;</p>

<p>Mortiños da Santa Compaña, criação original de I3D &#8211; Imprimetresde em homenagem à crenza na procissão da <a href="https://gl.wikipedia.org/wiki/Santa_Compa%C3%B1a"> Santa Companha.</a>Feitos em PLA preto-lilás e PLA GLOW in the dark, brilhar no escuro!</p>
<p>Escolha um dos Mortiños da Santa Compaña ou obtenha a coleção completa!</p>
<p>Desenho realizado em colaboração com o designer Juan Calo.</p>
