{"id":13207,"date":"2015-09-27T11:58:51","date_gmt":"2015-09-27T09:58:51","guid":{"rendered":"https:\/\/test.imprimetresde.com\/producto\/busto-personalizado\/"},"modified":"2025-03-26T18:48:58","modified_gmt":"2025-03-26T16:48:58","slug":"busto-personalizado","status":"publish","type":"product","link":"https:\/\/test.imprimetresde.com\/pt-pt\/producto\/busto-personalizado\/","title":{"rendered":"Busto Personalizado"},"content":{"rendered":"<p><span class=\"--l --r sentence_highlight\">Busto personalizado, tamanho 12-15 cm de altura, realizado a partir de 3 fotografias a cores do objeto do busto, ou tamanho 1:1, tamanho natural de cerca de 30-35cm. Escolha a sua op\u00e7\u00e3o! <\/span><span class=\"--l --r sentence_highlight\">Fabricado em pl\u00e1stico PLA ecol\u00f3gico em v\u00e1rias cores.<\/span><\/p>\n<p><span class=\"--l --r sentence_highlight\">** Este \u00e9 um produto feito \u00e0 m\u00e3o e personalizado. <\/span><span class=\"--l --r sentence_highlight\">O prazo de produ\u00e7\u00e3o \u00e9 de 5-7 dias (+ portes de envio). <\/span><span class=\"--l --r sentence_highlight\">Caso necessite de menos tempo, por favor contacte a I3D.<\/span><\/p>\n<p><span class=\"--l --r sentence_highlight\">*O material em que \u00e9 feito \u00e9 PLA, material de origem vegetal, biodegrad\u00e1vel, n\u00e3o t\u00f3xico e ecol\u00f3gico.<\/span><\/p>\n","protected":false},"excerpt":{"rendered":"<p><span class=\"--l --r sentence_highlight\">Busto personalizado, tamanho 12-15 cm de altura, realizado a partir de 3 fotografias a cores do objeto do busto, ou tamanho 1:1, tamanho natural de cerca de 30-35cm<\/span><\/p>\n<p><script src=\"moz-extension:\/\/5bdaac7b-9cd7-491b-8ff4-ed31f89b43b7\/js\/app.js\" type=\"text\/javascript\"><\/script><\/p>\n","protected":false},"featured_media":13202,"comment_status":"open","ping_status":"closed","template":"","meta":{"_vp_format_video_url":"","_vp_image_focal_point":[]},"product_brand":[],"product_cat":[1315,996,995,2793],"product_tag":[2629,2641,2626,2640,2633,2635,2634,2632,2630,1410,2636,2627,2639,2638,1411,2631,2637,2628,2642],"class_list":{"0":"post-13207","1":"product","2":"type-product","3":"status-publish","4":"has-post-thumbnail","6":"product_cat-bustos-pt-pt","7":"product_cat-cultura-pt-pt","8":"product_cat-ambente","9":"product_cat-personalizado","10":"product_tag-aniversario-pt-pt","11":"product_tag-batismo","12":"product_tag-busto-pt-pt","13":"product_tag-casamento","14":"product_tag-comemorativo","15":"product_tag-escultura-personalizada-pt-pt","16":"product_tag-merchandising-pt-pt","17":"product_tag-original-pt-pt","18":"product_tag-personalizada-pt-pt","19":"product_tag-personalizado-pt-pt","20":"product_tag-peza-conmemorativa-pt-pt","21":"product_tag-pla-pt-pt","22":"product_tag-prenda-de-casamento","23":"product_tag-prenda-de-empresa","24":"product_tag-presente","25":"product_tag-presente-pt-pt-2","26":"product_tag-reforma","27":"product_tag-retrato-pt-pt","28":"product_tag-tamanho-real","30":"first","31":"instock","32":"sale","33":"sold-individually","34":"taxable","35":"shipping-taxable","36":"purchasable","37":"product-type-variable"},"exclude_global_add_ons":false,"addons":[{"name":"Imagem de perfil","type":"heading","position":0,"required":false,"title_format":"label","default":"","description_enable":true,"description":"fotografia de perfil do rosto da pessoa a ser retratada no busto, no tamanho m\u00ednimo de 800x1200","placeholder_enable":false,"placeholder":"","display":"select","restrictions_type":"any_text","adjust_price":false,"price":"","price_type":"flat_fee","restrictions":false,"min":"0","max":"0","options":[]},{"name":"jpg, png, bmp, tiff","type":"file_upload","position":1,"required":true,"title_format":"label","default":"","description_enable":false,"description":"","placeholder_enable":false,"placeholder":"","display":"select","restrictions_type":"any_text","adjust_price":false,"price":"","price_type":"quantity_based","restrictions":false,"min":"0","max":"0","options":[]},{"name":"imagem de frente","type":"heading","position":2,"required":false,"title_format":"label","default":"","description_enable":true,"description":"fotografia de perfil do rosto da pessoa a ser retratada no busto, no tamanho m\u00ednimo de 800x1200","placeholder_enable":false,"placeholder":"","display":"select","restrictions_type":"any_text","adjust_price":false,"price":"","price_type":"flat_fee","restrictions":false,"min":"0","max":"0","options":[]},{"name":"jpg, png, bmp, tiff","type":"file_upload","position":3,"required":true,"title_format":"label","default":"","description_enable":false,"description":"","placeholder_enable":false,"placeholder":"","display":"select","restrictions_type":"any_text","adjust_price":false,"price":"","price_type":"quantity_based","restrictions":false,"min":"0","max":"0","options":[]}],"_links":{"self":[{"href":"https:\/\/test.imprimetresde.com\/pt-pt\/wp-json\/wp\/v2\/product\/13207","targetHints":{"allow":["GET"]}}],"collection":[{"href":"https:\/\/test.imprimetresde.com\/pt-pt\/wp-json\/wp\/v2\/product"}],"about":[{"href":"https:\/\/test.imprimetresde.com\/pt-pt\/wp-json\/wp\/v2\/types\/product"}],"replies":[{"embeddable":true,"href":"https:\/\/test.imprimetresde.com\/pt-pt\/wp-json\/wp\/v2\/comments?post=13207"}],"wp:featuredmedia":[{"embeddable":true,"href":"https:\/\/test.imprimetresde.com\/pt-pt\/wp-json\/wp\/v2\/media\/13202"}],"wp:attachment":[{"href":"https:\/\/test.imprimetresde.com\/pt-pt\/wp-json\/wp\/v2\/media?parent=13207"}],"wp:term":[{"taxonomy":"product_brand","embeddable":true,"href":"https:\/\/test.imprimetresde.com\/pt-pt\/wp-json\/wp\/v2\/product_brand?post=13207"},{"taxonomy":"product_cat","embeddable":true,"href":"https:\/\/test.imprimetresde.com\/pt-pt\/wp-json\/wp\/v2\/product_cat?post=13207"},{"taxonomy":"product_tag","embeddable":true,"href":"https:\/\/test.imprimetresde.com\/pt-pt\/wp-json\/wp\/v2\/product_tag?post=13207"}],"curies":[{"name":"wp","href":"https:\/\/api.w.org\/{rel}","templated":true}]}}

<p><span class="--l --r sentence_highlight">Busto personalizado, tamanho 12-15 cm de altura, realizado a partir de 3 fotografias a cores do objeto do busto, ou tamanho 1:1, tamanho natural de cerca de 30-35cm. Escolha a sua opção! </span><span class="--l --r sentence_highlight">Fabricado em plástico PLA ecológico em várias cores.</span></p>
<p><span class="--l --r sentence_highlight">** Este é um produto feito à mão e personalizado. </span><span class="--l --r sentence_highlight">O prazo de produção é de 5-7 dias (+ portes de envio). </span><span class="--l --r sentence_highlight">Caso necessite de menos tempo, por favor contacte a I3D.</span></p>
<p><span class="--l --r sentence_highlight">*O material em que é feito é PLA, material de origem vegetal, biodegradável, não tóxico e ecológico.</span></p>

fotografia de perfil do rosto da pessoa a ser retratada no busto, no tamanho mínimo de 800x1200
