{"id":13316,"date":"2018-03-28T09:11:13","date_gmt":"2018-03-28T07:11:13","guid":{"rendered":"https:\/\/test.imprimetresde.com\/producto\/colecao-triscele-de-castromao\/"},"modified":"2025-03-26T18:26:04","modified_gmt":"2025-03-26T16:26:04","slug":"colecao-triscele-de-castromao","status":"publish","type":"product","link":"https:\/\/test.imprimetresde.com\/pt-pt\/producto\/colecao-triscele-de-castromao\/","title":{"rendered":"Cole\u00e7\u00e3o Tr\u00edscele de Castromao"},"content":{"rendered":"<p><span class=\"--l --r sentence_highlight\">Cole\u00e7\u00e3o Tr\u00edscele de Castromao desenhada pela equipa I3D na qual lhe propomos o Pingente Tr\u00edscele de Castromao e os brincos em forma de tr\u00edscele a c\u00e9u aberto em homenagem ao nosso Tr\u00edscele de Castromao, encontrado em Celanova e datado entre os s. <\/span><span class=\"--l --r sentence_highlight\">I a.C. e s. <\/span><span class=\"--l --r sentence_highlight\">I a.C.<\/p>\n<p><\/span><span class=\"--l --r sentence_highlight\">*Fabricada em PLA e com corrente em a\u00e7o inoxid\u00e1vel.<\/span><\/p>\n","protected":false},"excerpt":{"rendered":"<p><span class=\"--l --r sentence_highlight\">Cole\u00e7\u00e3o Tr\u00edscele de Castromao desenhada pela equipa I3D na qual lhe propomos o Pingente Tr\u00edscele de Castromao e os brincos em forma de tr\u00edscele a c\u00e9u aberto em homenagem ao nosso Tr\u00edscele de Castromao<\/span><\/p>\n","protected":false},"featured_media":13310,"comment_status":"open","ping_status":"closed","template":"","meta":{"_vp_format_video_url":"","_vp_image_focal_point":[]},"product_brand":[],"product_cat":[1314,1042,996],"product_tag":[2664,2660,2663,2673,2665,1702,2666,2672,1077,2283,2661,2671,2674,2662],"class_list":{"0":"post-13316","1":"product","2":"type-product","3":"status-publish","4":"has-post-thumbnail","6":"product_cat-colares","7":"product_cat-complementos-pt-pt","8":"product_cat-cultura-pt-pt","9":"product_tag-bisuteria-pt-pt-2","10":"product_tag-bisuteria-pt-pt","11":"product_tag-celta-pt-pt","12":"product_tag-celtas-pt-pt","13":"product_tag-complementos-pt-pt","14":"product_tag-galega-pt-pt","15":"product_tag-madeira-pt-pt-2","16":"product_tag-ourense-pt-pt","17":"product_tag-pingente-pt-pt","18":"product_tag-tradicon","19":"product_tag-triscele-pt-pt","20":"product_tag-triscele-de-castromao","21":"product_tag-trisceles","22":"product_tag-trisquel-pt-pt","24":"first","25":"instock","26":"taxable","27":"shipping-taxable","28":"purchasable","29":"product-type-variable"},"exclude_global_add_ons":false,"addons":[{"name":"Material da Cadea (opcional)","type":"checkbox","position":0,"required":false,"title_format":"label","default":"","description_enable":true,"description":"Op\u00e7ao de facer a pe\u00e7a con cadea e accesorios de prata 925, de primera lei.","placeholder_enable":false,"placeholder":"","display":"select","restrictions_type":"any_text","adjust_price":false,"price":"","price_type":"flat_fee","restrictions":false,"min":"0","max":"0","options":[{"label":"Prata","price":"10","price_type":"flat_fee","image":0,"visibility":true}]}],"_links":{"self":[{"href":"https:\/\/test.imprimetresde.com\/pt-pt\/wp-json\/wp\/v2\/product\/13316","targetHints":{"allow":["GET"]}}],"collection":[{"href":"https:\/\/test.imprimetresde.com\/pt-pt\/wp-json\/wp\/v2\/product"}],"about":[{"href":"https:\/\/test.imprimetresde.com\/pt-pt\/wp-json\/wp\/v2\/types\/product"}],"replies":[{"embeddable":true,"href":"https:\/\/test.imprimetresde.com\/pt-pt\/wp-json\/wp\/v2\/comments?post=13316"}],"wp:featuredmedia":[{"embeddable":true,"href":"https:\/\/test.imprimetresde.com\/pt-pt\/wp-json\/wp\/v2\/media\/13310"}],"wp:attachment":[{"href":"https:\/\/test.imprimetresde.com\/pt-pt\/wp-json\/wp\/v2\/media?parent=13316"}],"wp:term":[{"taxonomy":"product_brand","embeddable":true,"href":"https:\/\/test.imprimetresde.com\/pt-pt\/wp-json\/wp\/v2\/product_brand?post=13316"},{"taxonomy":"product_cat","embeddable":true,"href":"https:\/\/test.imprimetresde.com\/pt-pt\/wp-json\/wp\/v2\/product_cat?post=13316"},{"taxonomy":"product_tag","embeddable":true,"href":"https:\/\/test.imprimetresde.com\/pt-pt\/wp-json\/wp\/v2\/product_tag?post=13316"}],"curies":[{"name":"wp","href":"https:\/\/api.w.org\/{rel}","templated":true}]}}

Coleção Tríscele de Castromao

<p><span class="--l --r sentence_highlight">Coleção Tríscele de Castromao desenhada pela equipa I3D na qual lhe propomos o Pingente Tríscele de Castromao e os brincos em forma de tríscele a céu aberto em homenagem ao nosso Tríscele de Castromao, encontrado em Celanova e datado entre os s. </span><span class="--l --r sentence_highlight">I a.C. e s. </span><span class="--l --r sentence_highlight">I a.C.</p>
<p></span><span class="--l --r sentence_highlight">*Fabricada em PLA e com corrente em aço inoxidável.</span></p>

<p><span class="--l --r sentence_highlight">Coleção Tríscele de Castromao desenhada pela equipa I3D na qual lhe propomos o Pingente Tríscele de Castromao e os brincos em forma de tríscele a céu aberto em homenagem ao nosso Tríscele de Castromao</span></p>

Opçao de facer a peça con cadea e accesorios de prata 925, de primera lei.
