{"id":13633,"date":"2024-11-07T14:00:03","date_gmt":"2024-11-07T12:00:03","guid":{"rendered":"https:\/\/test.imprimetresde.com\/producto\/relogio-fouce-e-martelo\/"},"modified":"2025-03-12T13:20:29","modified_gmt":"2025-03-12T11:20:29","slug":"relogio-fouce-e-martelo","status":"publish","type":"product","link":"https:\/\/test.imprimetresde.com\/pt-pt\/producto\/relogio-fouce-e-martelo\/","title":{"rendered":"Rel\u00f3gio Fouce e Martelo"},"content":{"rendered":"<p><span class=\"--l --r sentence_highlight\">Rel\u00f3gio <a title=\"https:\/\/gl.wikipedia.org\/wiki\/Fouce_e_martelo\" href=\"https:\/\/gl.wikipedia.org\/wiki\/Fouce_e_martelo\" rel=\"noopener noreferrer nofollow\">Fouce e Martelo<\/a>, com s\u00edmbolo <a title=\"https:\/\/gl.wikipedia.org\/wiki\/Comunismo\" href=\"https:\/\/gl.wikipedia.org\/wiki\/Comunismo\" rel=\"noopener noreferrer nofollow\">comunista<\/a> e em vermelho desenhado por I3D. <\/span><span class=\"--l sentence_highlight\">As suas dimens\u00f5es s\u00e3o 17cmx20cmx3cm aprox., o que permite pendur\u00e1-lo na parede ou coloc\u00e1-lo elegantemente numa prateleira ou estante em casa, no escrit\u00f3rio &#8230;<\/span><span class=\"--r sentence_highlight\"><br \/>\n<\/span><\/p>\n<p><span class=\"--l sentence_highlight\">Tamb\u00e9m temos dispon\u00edvel o tamanho da mesa de cabeceira, 10x12x2,7 cm aprox.<\/span><span class=\"--r sentence_highlight\"><br \/>\n<\/span><\/p>\n<p><span class=\"--l --r sentence_highlight\">*O material em que \u00e9 fabricado \u00e9 <a title=\"https:\/\/test.imprimetresde.com\/gl\/o-noso-material-de-impresion-o-pla-polimero-biodegradabel-procedente-de-recursos-vexetais\/\" href=\"https:\/\/test.imprimetresde.com\/gl\/o-noso-material-de-impresion-o-pla-polimero-biodegradabel-procedente-de-recursos-vexetais\/\" rel=\"noopener noreferrer nofollow\">PLA<\/a>, material de origem vegetal, biodegrad\u00e1vel, n\u00e3o t\u00f3xico e ecol\u00f3gico.<\/span><\/p>\n","protected":false},"excerpt":{"rendered":"<p><span class=\"--l --r sentence_highlight\">Rel\u00f3gio <a title=\"https:\/\/gl.wikipedia.org\/wiki\/Fouce_e_martelo\" href=\"https:\/\/gl.wikipedia.org\/wiki\/Fouce_e_martelo\" rel=\"noopener noreferrer nofollow\">Fouce e Martelo<\/a>, com s\u00edmbolo <a title=\"https:\/\/gl.wikipedia.org\/wiki\/Comunismo\" href=\"https:\/\/gl.wikipedia.org\/wiki\/Comunismo\" rel=\"noopener noreferrer nofollow\">comunista<\/a> e em vermelho desenhado por I3D. <\/span><span class=\"--l sentence_highlight\">As suas dimens\u00f5es s\u00e3o 17cmx20cmx3cm aprox., o que permite pendur\u00e1-lo na parede ou coloc\u00e1-lo elegantemente numa prateleira ou estante em casa, no escrit\u00f3rio &#8230;<\/span><\/p>\n","protected":false},"featured_media":13592,"comment_status":"open","ping_status":"closed","template":"","meta":{"_vp_format_video_url":"","_vp_image_focal_point":[]},"product_brand":[],"product_cat":[1043,996,995,2793],"product_tag":[2795,2787,1066,1085,1139,1138,1754,2794,2789,2796,2552,2790,2798,2791,2792,2799,2797,2800,2788,2801,2802,1089,2707],"class_list":{"0":"post-13633","1":"product","2":"type-product","3":"status-publish","4":"has-post-thumbnail","6":"product_cat-activismo-pt-pt","7":"product_cat-cultura-pt-pt","8":"product_cat-ambente","9":"product_cat-personalizado","10":"product_tag-carimbo-de-data-hora","11":"product_tag-casa-pt-pt","12":"product_tag-comunismo-pt-pt","13":"product_tag-comunista-pt-pt","14":"product_tag-dia-da-mae-pt-pt","15":"product_tag-dia-do-pae-pt-pt","16":"product_tag-escritorio-pt-pt-2","17":"product_tag-fouce-e-martelo-pt-pt","18":"product_tag-hora-pt-pt","19":"product_tag-ideologia-pt-pt","20":"product_tag-impresion-3d-a-coruna-pt-pt","21":"product_tag-impressao-3d","22":"product_tag-lenin-pt-pt","23":"product_tag-local-pt-pt","24":"product_tag-loja","25":"product_tag-marx-pt-pt","26":"product_tag-patria-comunista-pt-pt","27":"product_tag-politica-pt-pt","28":"product_tag-relogio","29":"product_tag-relogio-de-parede","30":"product_tag-reloj-de-mesa","31":"product_tag-sovietico-pt-pt","32":"product_tag-urss-pt-pt","34":"first","35":"instock","36":"sale","37":"taxable","38":"shipping-taxable","39":"purchasable","40":"product-type-simple"},"exclude_global_add_ons":[],"addons":[],"_links":{"self":[{"href":"https:\/\/test.imprimetresde.com\/pt-pt\/wp-json\/wp\/v2\/product\/13633","targetHints":{"allow":["GET"]}}],"collection":[{"href":"https:\/\/test.imprimetresde.com\/pt-pt\/wp-json\/wp\/v2\/product"}],"about":[{"href":"https:\/\/test.imprimetresde.com\/pt-pt\/wp-json\/wp\/v2\/types\/product"}],"replies":[{"embeddable":true,"href":"https:\/\/test.imprimetresde.com\/pt-pt\/wp-json\/wp\/v2\/comments?post=13633"}],"wp:featuredmedia":[{"embeddable":true,"href":"https:\/\/test.imprimetresde.com\/pt-pt\/wp-json\/wp\/v2\/media\/13592"}],"wp:attachment":[{"href":"https:\/\/test.imprimetresde.com\/pt-pt\/wp-json\/wp\/v2\/media?parent=13633"}],"wp:term":[{"taxonomy":"product_brand","embeddable":true,"href":"https:\/\/test.imprimetresde.com\/pt-pt\/wp-json\/wp\/v2\/product_brand?post=13633"},{"taxonomy":"product_cat","embeddable":true,"href":"https:\/\/test.imprimetresde.com\/pt-pt\/wp-json\/wp\/v2\/product_cat?post=13633"},{"taxonomy":"product_tag","embeddable":true,"href":"https:\/\/test.imprimetresde.com\/pt-pt\/wp-json\/wp\/v2\/product_tag?post=13633"}],"curies":[{"name":"wp","href":"https:\/\/api.w.org\/{rel}","templated":true}]}}

Relógio Fouce e Martelo

<p><span class="--l --r sentence_highlight">Relógio <a title="https://gl.wikipedia.org/wiki/Fouce_e_martelo" href="https://gl.wikipedia.org/wiki/Fouce_e_martelo" rel="noopener noreferrer nofollow">Fouce e Martelo</a>, com símbolo <a title="https://gl.wikipedia.org/wiki/Comunismo" href="https://gl.wikipedia.org/wiki/Comunismo" rel="noopener noreferrer nofollow">comunista</a> e em vermelho desenhado por I3D. </span><span class="--l sentence_highlight">As suas dimensões são 17cmx20cmx3cm aprox., o que permite pendurá-lo na parede ou colocá-lo elegantemente numa prateleira ou estante em casa, no escritório &#8230;</span><span class="--r sentence_highlight"><br />
</span></p>
<p><span class="--l sentence_highlight">Também temos disponível o tamanho da mesa de cabeceira, 10x12x2,7 cm aprox.</span><span class="--r sentence_highlight"><br />
</span></p>
<p><span class="--l --r sentence_highlight">*O material em que é fabricado é <a title="https://test.imprimetresde.com/gl/o-noso-material-de-impresion-o-pla-polimero-biodegradabel-procedente-de-recursos-vexetais/" href="https://test.imprimetresde.com/gl/o-noso-material-de-impresion-o-pla-polimero-biodegradabel-procedente-de-recursos-vexetais/" rel="noopener noreferrer nofollow">PLA</a>, material de origem vegetal, biodegradável, não tóxico e ecológico.</span></p>

<p><span class="--l --r sentence_highlight">Relógio <a title="https://gl.wikipedia.org/wiki/Fouce_e_martelo" href="https://gl.wikipedia.org/wiki/Fouce_e_martelo" rel="noopener noreferrer nofollow">Fouce e Martelo</a>, com símbolo <a title="https://gl.wikipedia.org/wiki/Comunismo" href="https://gl.wikipedia.org/wiki/Comunismo" rel="noopener noreferrer nofollow">comunista</a> e em vermelho desenhado por I3D. </span><span class="--l sentence_highlight">As suas dimensões são 17cmx20cmx3cm aprox., o que permite pendurá-lo na parede ou colocá-lo elegantemente numa prateleira ou estante em casa, no escritório &#8230;</span></p>
