{"id":7073,"date":"2018-03-21T10:54:59","date_gmt":"2018-03-21T09:54:59","guid":{"rendered":"https:\/\/test.imprimetresde.com\/producto\/bookend-decorativo-minha-casina-meu-lar\/"},"modified":"2025-03-26T18:28:32","modified_gmt":"2025-03-26T16:28:32","slug":"bookend-decorativo-minha-casinha-meu-lar","status":"publish","type":"product","link":"https:\/\/test.imprimetresde.com\/pt-pt\/producto\/bookend-decorativo-minha-casinha-meu-lar\/","title":{"rendered":"Bookend decorativo. Minha casinha, meu lar."},"content":{"rendered":"<p>Bookend decorativo. Minha casinha, meu lar.<\/p>\n<p>Bookend decorativo desenhado pole equipe de Imprimetresde na cole\u00e7\u00e3o Rosal\u00eda, na cor cinza e com o verso &#8220;Minha casinha, meu lar&#8221;. Trecho de um poema de &#8216;Folhas Novas&#8217; e\u00a0em homenagem a\u00a0<a href=\"https:\/\/gl.wikipedia.org\/wiki\/Rosal%C3%ADa_de_Castro\">Rosal\u00eda de Castro<\/a>, a escritora m\u00e1is internacional da Galiza:<\/p>\n<p>&#8220;<em>Minha casinha,<br \/>\nmeu lar,<br \/>\n\u00a1c\u00e1ntas oncinhas<br \/>\nde ouro me vals<\/em>!&#8221;<\/p>\n<p>Rosal\u00eda de Castro. Folhas Novas (1880)<\/p>\n<p>*O material em que \u00e9 fabricado \u00e9 PLA, material de mat\u00e9ria vegetal, biodegrad\u00e1vel, n\u00e3o-t\u00f3xico e ecol\u00f3gico.<\/p>\n","protected":false},"excerpt":{"rendered":"<p>Bookend decorativo. Minha casinha, meu lar.<\/p>\n<p>Bookend decorativo desenhado pole equipe de Imprimetresde na cole\u00e7\u00e3o Rosal\u00eda, na cor cinza e com o verso &#8220;Minha casinha, meu lar&#8221;. Trecho de um poema de &#8216;Folhas Novas&#8217; e\u00a0em homenagem a\u00a0<a href=\"https:\/\/gl.wikipedia.org\/wiki\/Rosal%C3%ADa_de_Castro\">Rosal\u00eda de Castro<\/a>, a escritora m\u00e1is internacional da Galiza:<\/p>\n<p>&#8220;<em>Minha casinha,<br \/>\nmeu lar,<br \/>\n\u00a1c\u00e1ntas oncinhas<br \/>\nde ouro me vals<\/em>!&#8221;<\/p>\n<p>Rosal\u00eda de Castro. Folhas Novas (1880)<\/p>\n<p>*O material em que \u00e9 fabricado \u00e9 PLA, material de mat\u00e9ria vegetal, biodegrad\u00e1vel, n\u00e3o-t\u00f3xico e ecol\u00f3gico<\/p>\n","protected":false},"featured_media":6997,"comment_status":"open","ping_status":"closed","template":"","meta":{"_vp_format_video_url":"","_vp_image_focal_point":[]},"product_brand":[],"product_cat":[1043,996,995],"product_tag":[1000,1004,1139,1138,999,1007,997,1003,1001,1006,1005,1002,1874,2900],"class_list":{"0":"post-7073","1":"product","2":"type-product","3":"status-publish","4":"has-post-thumbnail","6":"product_cat-activismo-pt-pt","7":"product_cat-cultura-pt-pt","8":"product_cat-ambente","9":"product_tag-autora-internacional-pt-pt","10":"product_tag-bookend","11":"product_tag-dia-da-mae-pt-pt","12":"product_tag-dia-do-pae-pt-pt","13":"product_tag-escritora-galega-pt-pt","14":"product_tag-folhas-novas","15":"product_tag-galego-pt-pt","16":"product_tag-lingua-gallega","17":"product_tag-livros","18":"product_tag-meu-lar-pt-pt","19":"product_tag-minha-casinha","20":"product_tag-poesia-pt-pt","21":"product_tag-rosalia-pt-pt","22":"product_tag-rosalia-de-castro-pt-pt","24":"first","25":"instock","26":"sale","27":"taxable","28":"shipping-taxable","29":"purchasable","30":"product-type-variable"},"exclude_global_add_ons":[],"addons":[],"_links":{"self":[{"href":"https:\/\/test.imprimetresde.com\/pt-pt\/wp-json\/wp\/v2\/product\/7073","targetHints":{"allow":["GET"]}}],"collection":[{"href":"https:\/\/test.imprimetresde.com\/pt-pt\/wp-json\/wp\/v2\/product"}],"about":[{"href":"https:\/\/test.imprimetresde.com\/pt-pt\/wp-json\/wp\/v2\/types\/product"}],"replies":[{"embeddable":true,"href":"https:\/\/test.imprimetresde.com\/pt-pt\/wp-json\/wp\/v2\/comments?post=7073"}],"wp:featuredmedia":[{"embeddable":true,"href":"https:\/\/test.imprimetresde.com\/pt-pt\/wp-json\/wp\/v2\/media\/6997"}],"wp:attachment":[{"href":"https:\/\/test.imprimetresde.com\/pt-pt\/wp-json\/wp\/v2\/media?parent=7073"}],"wp:term":[{"taxonomy":"product_brand","embeddable":true,"href":"https:\/\/test.imprimetresde.com\/pt-pt\/wp-json\/wp\/v2\/product_brand?post=7073"},{"taxonomy":"product_cat","embeddable":true,"href":"https:\/\/test.imprimetresde.com\/pt-pt\/wp-json\/wp\/v2\/product_cat?post=7073"},{"taxonomy":"product_tag","embeddable":true,"href":"https:\/\/test.imprimetresde.com\/pt-pt\/wp-json\/wp\/v2\/product_tag?post=7073"}],"curies":[{"name":"wp","href":"https:\/\/api.w.org\/{rel}","templated":true}]}}

<p>Bookend decorativo. Minha casinha, meu lar.</p>
<p>Bookend decorativo desenhado pole equipe de Imprimetresde na coleção Rosalía, na cor cinza e com o verso &#8220;Minha casinha, meu lar&#8221;. Trecho de um poema de &#8216;Folhas Novas&#8217; e em homenagem a <a href="https://gl.wikipedia.org/wiki/Rosal%C3%ADa_de_Castro">Rosalía de Castro</a>, a escritora máis internacional da Galiza:</p>
<p>&#8220;<em>Minha casinha,<br />
meu lar,<br />
¡cántas oncinhas<br />
de ouro me vals</em>!&#8221;</p>
<p>Rosalía de Castro. Folhas Novas (1880)</p>
<p>*O material em que é fabricado é PLA, material de matéria vegetal, biodegradável, não-tóxico e ecológico.</p>

<p>Bookend decorativo. Minha casinha, meu lar.</p>
<p>Bookend decorativo desenhado pole equipe de Imprimetresde na coleção Rosalía, na cor cinza e com o verso &#8220;Minha casinha, meu lar&#8221;. Trecho de um poema de &#8216;Folhas Novas&#8217; e em homenagem a <a href="https://gl.wikipedia.org/wiki/Rosal%C3%ADa_de_Castro">Rosalía de Castro</a>, a escritora máis internacional da Galiza:</p>
<p>&#8220;<em>Minha casinha,<br />
meu lar,<br />
¡cántas oncinhas<br />
de ouro me vals</em>!&#8221;</p>
<p>Rosalía de Castro. Folhas Novas (1880)</p>
<p>*O material em que é fabricado é PLA, material de matéria vegetal, biodegradável, não-tóxico e ecológico</p>
