{"id":7163,"date":"2017-07-04T23:59:19","date_gmt":"2020-04-16T18:41:19","guid":{"rendered":"https:\/\/test.imprimetresde.com\/?post_type=product&#038;p=7163"},"modified":"2025-09-17T12:13:43","modified_gmt":"2025-09-17T10:13:43","slug":"pingente-pandeireta","status":"publish","type":"product","link":"https:\/\/test.imprimetresde.com\/pt-pt\/producto\/pingente-pandeireta\/","title":{"rendered":"Pingente Pandeireta"},"content":{"rendered":"<p>Pingente Pandeireta desenhado pela equipe Imprimetresde, uma homenagem ao nosso pandeiro, este belo instrumento que forma a base da m\u00fasica tradicional galega. Feito de madeira imprim\u00edvel (PLA de madeira) e PLA, possui soalhas de metal que encantar\u00e1 qualquer m\u00fasic@.<\/p>\n<p>* O material em que \u00e9 fabricado \u00e9 PLA, material de mat\u00e9ria vegetal, biodegrad\u00e1vel, n\u00e3o-t\u00f3xico e ecol\u00f3gico<\/p>\n<p>&nbsp;<\/p>\n","protected":false},"excerpt":{"rendered":"<p>Pingente Pandeireta desenhado pela equipe Imprimetresde, uma homenagem ao nosso pandeiro, este belo instrumento que forma a base da m\u00fasica tradicional galega. Feito de madeira imprim\u00edvel (PLA de madeira) e PLA, possui soalhas de metal que encantar\u00e1 qualquer m\u00fasic@.<\/p>\n","protected":false},"featured_media":10395,"comment_status":"open","ping_status":"closed","template":"","meta":{"_vp_format_video_url":"","_vp_image_focal_point":[]},"product_brand":[],"product_cat":[1314,1042,996],"product_tag":[2054,1139,2695,2906,2905,997,1704,1703,2052,2049,2053,1410,1411,1412,2055,2050,2051,2048],"class_list":{"0":"post-7163","1":"product","2":"type-product","3":"status-publish","4":"has-post-thumbnail","6":"product_cat-colares","7":"product_cat-complementos-pt-pt","8":"product_cat-cultura-pt-pt","9":"product_tag-baile-pt-pt","10":"product_tag-dia-da-mae-pt-pt","11":"product_tag-dia-da-patria-pt-pt","12":"product_tag-dia-das-letras-pt-pt","13":"product_tag-galegas-pt-pt","14":"product_tag-galego-pt-pt","15":"product_tag-galicia-pt-pt","16":"product_tag-galiza-pt-pt","17":"product_tag-instrumento-pt-pt","18":"product_tag-pandeireta-pt-pt-2","19":"product_tag-pandereteiras-pt-pt","20":"product_tag-personalizado-pt-pt","21":"product_tag-presente","22":"product_tag-presente-pt-pt","23":"product_tag-souvenirs-pt-pt","24":"product_tag-terra-pt-pt","25":"product_tag-trad-pt-pt","26":"product_tag-tradicional-pt-pt","28":"first","29":"instock","30":"sale","31":"featured","32":"taxable","33":"shipping-taxable","34":"purchasable","35":"product-type-variable"},"exclude_global_add_ons":[],"addons":[],"_links":{"self":[{"href":"https:\/\/test.imprimetresde.com\/pt-pt\/wp-json\/wp\/v2\/product\/7163","targetHints":{"allow":["GET"]}}],"collection":[{"href":"https:\/\/test.imprimetresde.com\/pt-pt\/wp-json\/wp\/v2\/product"}],"about":[{"href":"https:\/\/test.imprimetresde.com\/pt-pt\/wp-json\/wp\/v2\/types\/product"}],"replies":[{"embeddable":true,"href":"https:\/\/test.imprimetresde.com\/pt-pt\/wp-json\/wp\/v2\/comments?post=7163"}],"wp:featuredmedia":[{"embeddable":true,"href":"https:\/\/test.imprimetresde.com\/pt-pt\/wp-json\/wp\/v2\/media\/10395"}],"wp:attachment":[{"href":"https:\/\/test.imprimetresde.com\/pt-pt\/wp-json\/wp\/v2\/media?parent=7163"}],"wp:term":[{"taxonomy":"product_brand","embeddable":true,"href":"https:\/\/test.imprimetresde.com\/pt-pt\/wp-json\/wp\/v2\/product_brand?post=7163"},{"taxonomy":"product_cat","embeddable":true,"href":"https:\/\/test.imprimetresde.com\/pt-pt\/wp-json\/wp\/v2\/product_cat?post=7163"},{"taxonomy":"product_tag","embeddable":true,"href":"https:\/\/test.imprimetresde.com\/pt-pt\/wp-json\/wp\/v2\/product_tag?post=7163"}],"curies":[{"name":"wp","href":"https:\/\/api.w.org\/{rel}","templated":true}]}}

<p>Pingente Pandeireta desenhado pela equipe Imprimetresde, uma homenagem ao nosso pandeiro, este belo instrumento que forma a base da música tradicional galega. Feito de madeira imprimível (PLA de madeira) e PLA, possui soalhas de metal que encantará qualquer músic@.</p>
<p>* O material em que é fabricado é PLA, material de matéria vegetal, biodegradável, não-tóxico e ecológico</p>
<p>&nbsp;</p>

<p>Pingente Pandeireta desenhado pela equipe Imprimetresde, uma homenagem ao nosso pandeiro, este belo instrumento que forma a base da música tradicional galega. Feito de madeira imprimível (PLA de madeira) e PLA, possui soalhas de metal que encantará qualquer músic@.</p>
