{"id":7169,"date":"2018-07-19T13:47:30","date_gmt":"2018-07-19T12:47:30","guid":{"rendered":"https:\/\/test.imprimetresde.com\/producto\/brincos-estrela-vermelha\/"},"modified":"2025-11-11T14:22:59","modified_gmt":"2025-11-11T12:22:59","slug":"brincos-estrela-vermelha","status":"publish","type":"product","link":"https:\/\/test.imprimetresde.com\/pt-pt\/producto\/brincos-estrela-vermelha\/","title":{"rendered":"Brincos Estrela Vermelha"},"content":{"rendered":"<p>Brincos Estrela Vermelha projetados pela equipe Imprimetresde em cores que identificam a luta prolet\u00e1ria em todo o mundo e o internacionalismo. Para dar um toque revolucion\u00e1rio \u00e0 sua imagem.<\/p>\n<p>* O material em que \u00e9 fabricado \u00e9 PLA, material de mat\u00e9ria vegetal, biodegrad\u00e1vel, n\u00e3o-t\u00f3xico e ecol\u00f3gico<\/p>\n<p>&nbsp;<\/p>\n<p>&nbsp;<\/p>\n","protected":false},"excerpt":{"rendered":"<p>Brincos Estrela Vermelha projetados pela equipe Imprimetresde em cores que identificam a luta prolet\u00e1ria em todo o mundo e o internacionalismo. Para dar um toque revolucion\u00e1rio \u00e0 sua imagem.<\/p>\n","protected":false},"featured_media":7190,"comment_status":"open","ping_status":"closed","template":"","meta":{"_vp_format_video_url":"","_vp_image_focal_point":[]},"product_brand":[],"product_cat":[1043,1313,1042],"product_tag":[1062,1061,1063,2552,2551],"class_list":{"0":"post-7169","1":"product","2":"type-product","3":"status-publish","4":"has-post-thumbnail","6":"product_cat-activismo-pt-pt","7":"product_cat-brincos","8":"product_cat-complementos-pt-pt","9":"product_tag-estelada-pt-pt","10":"product_tag-estrela-vermelha","11":"product_tag-estreleira-pt-pt","12":"product_tag-impresion-3d-a-coruna-pt-pt","13":"product_tag-impresion-3d-coruna-pt-pt","15":"first","16":"instock","17":"sale","18":"taxable","19":"shipping-taxable","20":"purchasable","21":"product-type-variable"},"exclude_global_add_ons":false,"addons":[{"name":"Material de las fornituras (opcional)","type":"checkbox","position":0,"required":false,"title_format":"label","default":"","description_enable":true,"description":"Opci\u00f3n de incorporar fornituras de plata 925, de primera ley.","placeholder_enable":false,"placeholder":"","display":"select","restrictions_type":"any_text","adjust_price":false,"price":"","price_type":"flat_fee","restrictions":false,"min":"0","max":"0","options":[{"label":"Plata","price":"5","price_type":"flat_fee","image":0,"visibility":true}]}],"_links":{"self":[{"href":"https:\/\/test.imprimetresde.com\/pt-pt\/wp-json\/wp\/v2\/product\/7169","targetHints":{"allow":["GET"]}}],"collection":[{"href":"https:\/\/test.imprimetresde.com\/pt-pt\/wp-json\/wp\/v2\/product"}],"about":[{"href":"https:\/\/test.imprimetresde.com\/pt-pt\/wp-json\/wp\/v2\/types\/product"}],"replies":[{"embeddable":true,"href":"https:\/\/test.imprimetresde.com\/pt-pt\/wp-json\/wp\/v2\/comments?post=7169"}],"wp:featuredmedia":[{"embeddable":true,"href":"https:\/\/test.imprimetresde.com\/pt-pt\/wp-json\/wp\/v2\/media\/7190"}],"wp:attachment":[{"href":"https:\/\/test.imprimetresde.com\/pt-pt\/wp-json\/wp\/v2\/media?parent=7169"}],"wp:term":[{"taxonomy":"product_brand","embeddable":true,"href":"https:\/\/test.imprimetresde.com\/pt-pt\/wp-json\/wp\/v2\/product_brand?post=7169"},{"taxonomy":"product_cat","embeddable":true,"href":"https:\/\/test.imprimetresde.com\/pt-pt\/wp-json\/wp\/v2\/product_cat?post=7169"},{"taxonomy":"product_tag","embeddable":true,"href":"https:\/\/test.imprimetresde.com\/pt-pt\/wp-json\/wp\/v2\/product_tag?post=7169"}],"curies":[{"name":"wp","href":"https:\/\/api.w.org\/{rel}","templated":true}]}}

<p>Brincos Estrela Vermelha projetados pela equipe Imprimetresde em cores que identificam a luta proletária em todo o mundo e o internacionalismo. Para dar um toque revolucionário à sua imagem.</p>
<p>* O material em que é fabricado é PLA, material de matéria vegetal, biodegradável, não-tóxico e ecológico</p>
<p>&nbsp;</p>
<p>&nbsp;</p>

<p>Brincos Estrela Vermelha projetados pela equipe Imprimetresde em cores que identificam a luta proletária em todo o mundo e o internacionalismo. Para dar um toque revolucionário à sua imagem.</p>

Opción de incorporar fornituras de plata 925, de primera ley.
