{"id":7200,"date":"2016-07-05T12:35:39","date_gmt":"2016-07-05T11:35:39","guid":{"rendered":"https:\/\/test.imprimetresde.com\/producto\/chaveiro-estrela-customizavel\/"},"modified":"2025-03-26T18:46:54","modified_gmt":"2025-03-26T16:46:54","slug":"chaveiro-estrela-customizavel","status":"publish","type":"product","link":"https:\/\/test.imprimetresde.com\/pt-pt\/producto\/chaveiro-estrela-customizavel\/","title":{"rendered":"Chaveiro Estrela Customiz\u00e1vel"},"content":{"rendered":"<p>Chaveiro Estrela Customiz\u00e1vel desenhado por Imprimetresde e inspirado na estrela de cinco pontas, representando os dedos do prolet\u00e1rio e dos cinco continentes, que est\u00e1 relacionado ao internacionalismo do lema marxista: prolet\u00e1rios de todos os pa\u00edses, unidos! . Citando com menos frequ\u00eancia, as dicas est\u00e3o relacionadas aos cinco grupos sociais que possibilitaram a transi\u00e7\u00e3o para o socialismo: os jovens, os militares, os trabalhadores, os camponeses e os intelectuais.<\/p>\n<p>Denota semanticamente o humanismo, tanto pelo n\u00famero de seus segmentos (cinco dedos, cinco sentidos) quanto pela cor (sangue, vitalidade).<\/p>\n<p>A estrela vermelha foi e \u00e9 usada em bandeiras e escudos de estados socialistas, como os da Iugosl\u00e1via ou da Cor\u00e9ia do Norte. \u00c0s vezes, a foice e o martelo s\u00e3o colocados dentro ou abaixo da estrela. Na Galiza, Catalunha, Val\u00eancia, Andaluzia, Arag\u00e3o e Castela, a bandeira independentista (Estelada na Catalunha, Estreleira na Galiza, Estrelada em Val\u00eancia e Arag\u00e3o, Arbonaida na Andaluzia e Bandeira Estrelada em Castela) pode incorporar uma estrela vermelha como s\u00edmbolo da natureza. socialista de seu projeto nacional de constru\u00e7\u00e3o.<\/p>\n","protected":false},"excerpt":{"rendered":"<p>Chaveiro Estrela Customiz\u00e1vel desenhado por Imprimetresde e inspirado na estrela de cinco pontas, representando os dedos do prolet\u00e1rio e dos cinco continentes, que est\u00e1 relacionado ao internacionalismo do lema marxista: prolet\u00e1rios de todos os pa\u00edses, unidos! .<\/p>\n","protected":false},"featured_media":7056,"comment_status":"open","ping_status":"closed","template":"","meta":{"_vp_format_video_url":"","_vp_image_focal_point":[]},"product_brand":[],"product_cat":[1042,1071],"product_tag":[2697,2696,1064,1139,2695,2699,2698,1138,1062,1073,1063,1072,1410,1411,2169,1076],"class_list":{"0":"post-7200","1":"product","2":"type-product","3":"status-publish","4":"has-post-thumbnail","6":"product_cat-complementos-pt-pt","7":"product_cat-gadgets-pt-pt","8":"product_tag-25-de-xulho","9":"product_tag-25x-pt-pt","10":"product_tag-chaveiro-pt-pt","11":"product_tag-dia-da-mae-pt-pt","12":"product_tag-dia-da-patria-pt-pt","13":"product_tag-dia-de-galicia-pt-pt","14":"product_tag-dia-de-galiza-pt-pt","15":"product_tag-dia-do-pae-pt-pt","16":"product_tag-estelada-pt-pt","17":"product_tag-estrelada-pt-pt","18":"product_tag-estreleira-pt-pt","19":"product_tag-estrella-roja-pt-pt","20":"product_tag-personalizado-pt-pt","21":"product_tag-presente","22":"product_tag-souvenir-pt-pt","23":"product_tag-vermelho","25":"first","26":"instock","27":"sale","28":"taxable","29":"shipping-taxable","30":"purchasable","31":"product-type-simple"},"exclude_global_add_ons":true,"addons":[{"name":"Texto Customiz\u00e1vel","type":"heading","position":0,"required":false,"title_format":"label","default":"","description_enable":true,"description":"**Texto que levar\u00e1 o objeto ao imprimi-lo (8 caracteres m\u00e1ximo)","placeholder_enable":false,"placeholder":"","display":"select","restrictions_type":"any_text","adjust_price":false,"price":"","price_type":"flat_fee","restrictions":false,"min":"0","max":"0","options":[]},{"name":"Texto","type":"custom_text","position":1,"required":false,"title_format":"label","default":"","description_enable":false,"description":"","placeholder_enable":false,"placeholder":"","display":"select","restrictions_type":"any_text","adjust_price":false,"price":"","price_type":"quantity_based","restrictions":false,"min":"0","max":"0","options":[]},{"name":"Sem Customizar","type":"checkbox","position":2,"required":false,"title_format":"heading","default":"","description_enable":true,"description":"Escolha esta op\u00e7\u00e3o se desejar o produto sem personaliza\u00e7\u00e3o","placeholder_enable":false,"placeholder":"","display":"select","restrictions_type":"any_text","adjust_price":false,"price":"","price_type":"flat_fee","restrictions":false,"min":"0","max":"0","options":[{"label":"Sem personaliza\u00e7\u00e3o","price":"","price_type":"quantity_based","image":0,"visibility":true}]}],"_links":{"self":[{"href":"https:\/\/test.imprimetresde.com\/pt-pt\/wp-json\/wp\/v2\/product\/7200","targetHints":{"allow":["GET"]}}],"collection":[{"href":"https:\/\/test.imprimetresde.com\/pt-pt\/wp-json\/wp\/v2\/product"}],"about":[{"href":"https:\/\/test.imprimetresde.com\/pt-pt\/wp-json\/wp\/v2\/types\/product"}],"replies":[{"embeddable":true,"href":"https:\/\/test.imprimetresde.com\/pt-pt\/wp-json\/wp\/v2\/comments?post=7200"}],"wp:featuredmedia":[{"embeddable":true,"href":"https:\/\/test.imprimetresde.com\/pt-pt\/wp-json\/wp\/v2\/media\/7056"}],"wp:attachment":[{"href":"https:\/\/test.imprimetresde.com\/pt-pt\/wp-json\/wp\/v2\/media?parent=7200"}],"wp:term":[{"taxonomy":"product_brand","embeddable":true,"href":"https:\/\/test.imprimetresde.com\/pt-pt\/wp-json\/wp\/v2\/product_brand?post=7200"},{"taxonomy":"product_cat","embeddable":true,"href":"https:\/\/test.imprimetresde.com\/pt-pt\/wp-json\/wp\/v2\/product_cat?post=7200"},{"taxonomy":"product_tag","embeddable":true,"href":"https:\/\/test.imprimetresde.com\/pt-pt\/wp-json\/wp\/v2\/product_tag?post=7200"}],"curies":[{"name":"wp","href":"https:\/\/api.w.org\/{rel}","templated":true}]}}

Chaveiro Estrela Customizável

<p>Chaveiro Estrela Customizável desenhado por Imprimetresde e inspirado na estrela de cinco pontas, representando os dedos do proletário e dos cinco continentes, que está relacionado ao internacionalismo do lema marxista: proletários de todos os países, unidos! . Citando com menos frequência, as dicas estão relacionadas aos cinco grupos sociais que possibilitaram a transição para o socialismo: os jovens, os militares, os trabalhadores, os camponeses e os intelectuais.</p>
<p>Denota semanticamente o humanismo, tanto pelo número de seus segmentos (cinco dedos, cinco sentidos) quanto pela cor (sangue, vitalidade).</p>
<p>A estrela vermelha foi e é usada em bandeiras e escudos de estados socialistas, como os da Iugoslávia ou da Coréia do Norte. Às vezes, a foice e o martelo são colocados dentro ou abaixo da estrela. Na Galiza, Catalunha, Valência, Andaluzia, Aragão e Castela, a bandeira independentista (Estelada na Catalunha, Estreleira na Galiza, Estrelada em Valência e Aragão, Arbonaida na Andaluzia e Bandeira Estrelada em Castela) pode incorporar uma estrela vermelha como símbolo da natureza. socialista de seu projeto nacional de construção.</p>

<p>Chaveiro Estrela Customizável desenhado por Imprimetresde e inspirado na estrela de cinco pontas, representando os dedos do proletário e dos cinco continentes, que está relacionado ao internacionalismo do lema marxista: proletários de todos os países, unidos! .</p>

Texto Customizável

**Texto que levará o objeto ao imprimi-lo (8 caracteres máximo)

Escolha esta opção se desejar o produto sem personalização

Sem personalização
