{"id":7386,"date":"2020-04-24T12:27:26","date_gmt":"2020-04-24T11:27:26","guid":{"rendered":"https:\/\/test.imprimetresde.com\/producto\/pin-25-de-abril\/"},"modified":"2025-03-25T19:29:07","modified_gmt":"2025-03-25T17:29:07","slug":"pin-25-de-abril","status":"publish","type":"product","link":"https:\/\/test.imprimetresde.com\/pt-pt\/producto\/pin-25-de-abril\/","title":{"rendered":"Pin 25 de Abril"},"content":{"rendered":"<p>Pin 25 de abril desing original de Imprimetresde para comemorar a Revolu\u00e7\u00e3o dos Cravos ou Revolu\u00e7\u00e3o de Abril, refere-se a um evento da hist\u00f3ria de Portugal resultante do movimento pol\u00edtico e social, ocorrido a 25 de abril de 1974, que dep\u00f4s o regime ditatorial do Estado Novo.<\/p>\n<p>* O material em que s\u00e3o fabricados \u00e9 o PLA, em duas cores (vermelho e verde e vermelho e preto). \u00c9 um material proveniente de material vegetal, biodegrad\u00e1vel, n\u00e3o t\u00f3xico e ecol\u00f3gico<\/p>\n","protected":false},"excerpt":{"rendered":"<p>Pin 25 de abril design original de Imprimetresde para comemorar a Revolu\u00e7\u00e3o dos Cravos ou Revolu\u00e7\u00e3o de Abril, refere-se a um evento da hist\u00f3ria de Portugal resultante do movimento pol\u00edtico e social, ocorrido a 25 de abril de 1974, que dep\u00f4s o regime ditatorial do Estado Novo.<\/p>\n","protected":false},"featured_media":7377,"comment_status":"open","ping_status":"closed","template":"","meta":{"_vp_format_video_url":"","_vp_image_focal_point":[]},"product_brand":[],"product_cat":[1043,1042,996],"product_tag":[1104,1107,1105,1106,2552,2706,1108,2898,2899,1411,2705,1088,2704],"class_list":{"0":"post-7386","1":"product","2":"type-product","3":"status-publish","4":"has-post-thumbnail","6":"product_cat-activismo-pt-pt","7":"product_cat-complementos-pt-pt","8":"product_cat-cultura-pt-pt","9":"product_tag-25-de-abril-pt-pt","10":"product_tag-cravos","11":"product_tag-ditadura","12":"product_tag-estado-novo-pt-pt","13":"product_tag-impresion-3d-a-coruna-pt-pt","14":"product_tag-pin-pt-pt","15":"product_tag-portugal-pt-pt","16":"product_tag-prenda-pt-pt","17":"product_tag-presente-pt-pt-3","18":"product_tag-presente","19":"product_tag-revolucao-dos-cravos-pt-pt","20":"product_tag-revolucion-pt-pt-2","21":"product_tag-revolucion-dos-cravos-pt-pt","23":"first","24":"instock","25":"taxable","26":"shipping-taxable","27":"purchasable","28":"product-type-simple"},"exclude_global_add_ons":[],"addons":[],"_links":{"self":[{"href":"https:\/\/test.imprimetresde.com\/pt-pt\/wp-json\/wp\/v2\/product\/7386","targetHints":{"allow":["GET"]}}],"collection":[{"href":"https:\/\/test.imprimetresde.com\/pt-pt\/wp-json\/wp\/v2\/product"}],"about":[{"href":"https:\/\/test.imprimetresde.com\/pt-pt\/wp-json\/wp\/v2\/types\/product"}],"replies":[{"embeddable":true,"href":"https:\/\/test.imprimetresde.com\/pt-pt\/wp-json\/wp\/v2\/comments?post=7386"}],"wp:featuredmedia":[{"embeddable":true,"href":"https:\/\/test.imprimetresde.com\/pt-pt\/wp-json\/wp\/v2\/media\/7377"}],"wp:attachment":[{"href":"https:\/\/test.imprimetresde.com\/pt-pt\/wp-json\/wp\/v2\/media?parent=7386"}],"wp:term":[{"taxonomy":"product_brand","embeddable":true,"href":"https:\/\/test.imprimetresde.com\/pt-pt\/wp-json\/wp\/v2\/product_brand?post=7386"},{"taxonomy":"product_cat","embeddable":true,"href":"https:\/\/test.imprimetresde.com\/pt-pt\/wp-json\/wp\/v2\/product_cat?post=7386"},{"taxonomy":"product_tag","embeddable":true,"href":"https:\/\/test.imprimetresde.com\/pt-pt\/wp-json\/wp\/v2\/product_tag?post=7386"}],"curies":[{"name":"wp","href":"https:\/\/api.w.org\/{rel}","templated":true}]}}

<p>Pin 25 de abril desing original de Imprimetresde para comemorar a Revolução dos Cravos ou Revolução de Abril, refere-se a um evento da história de Portugal resultante do movimento político e social, ocorrido a 25 de abril de 1974, que depôs o regime ditatorial do Estado Novo.</p>
<p>* O material em que são fabricados é o PLA, em duas cores (vermelho e verde e vermelho e preto). É um material proveniente de material vegetal, biodegradável, não tóxico e ecológico</p>

<p>Pin 25 de abril design original de Imprimetresde para comemorar a Revolução dos Cravos ou Revolução de Abril, refere-se a um evento da história de Portugal resultante do movimento político e social, ocorrido a 25 de abril de 1974, que depôs o regime ditatorial do Estado Novo.</p>
