{"id":8601,"date":"2020-08-28T16:09:24","date_gmt":"2020-08-28T14:09:24","guid":{"rendered":"https:\/\/test.imprimetresde.com\/producto\/pendrive-personalizado\/"},"modified":"2025-03-12T13:56:47","modified_gmt":"2025-03-12T11:56:47","slug":"pendrive-personalizado","status":"publish","type":"product","link":"https:\/\/test.imprimetresde.com\/pt-pt\/producto\/pendrive-personalizado\/","title":{"rendered":"Pendrive Personalizado 32Gb"},"content":{"rendered":"<p>Pendrive Personalizado 32 Gb desenhado pela equipa de <a href=\"https:\/\/test.imprimetresde.com\/gl\/\">Imprimetresde <\/a>, \u00e9 ideal para dar como presente. Personalize um pen drive com seu nome ou para tornar o presente mais original. Pe\u00e7a-nos para incorporar outros designs .<\/p>\n<p>* O material em que \u00e9 feito \u00e9<a href=\"https:\/\/test.imprimetresde.com\/nuestro-material-de-impresion-el-pla-polimero-biodegradable-procedente-de-recursos-vegetales\/\">PLA<\/a> , material de mat\u00e9ria vegetal, <a href=\"https:\/\/es.wikipedia.org\/wiki\/Biodegradabilidad\">biodegrad\u00e1vel<\/a>, n\u00e3o t\u00f3xico e ecol\u00f3gico.<\/p>\n","protected":false},"excerpt":{"rendered":"<p>Pendrive Personalizado 32 Gb desenhado pela equipa de <a href=\"https:\/\/test.imprimetresde.com\/gl\/\">Imprimetresde <\/a>, \u00e9 ideal para dar como presente. Personalize um pen drive com seu nome ou para tornar o presente mais original. Pe\u00e7a-nos para incorporar outros designs .<\/p>\n","protected":false},"featured_media":8375,"comment_status":"open","ping_status":"closed","template":"","meta":{"_vp_format_video_url":"","_vp_image_focal_point":[]},"product_brand":[],"product_cat":[1074],"product_tag":[1755,1139,2878,1138,2879,1754,1753,2552,2551,1415,1416,1413,1410,1412,1752,1751,2880,2881],"class_list":{"0":"post-8601","1":"product","2":"type-product","3":"status-publish","4":"has-post-thumbnail","6":"product_cat-sem-categoria","7":"product_tag-aula-pt-pt","8":"product_tag-dia-da-mae-pt-pt","9":"product_tag-dia-da-nai-pt-pt","10":"product_tag-dia-do-pae-pt-pt","11":"product_tag-dia-do-pai-pt-pt","12":"product_tag-escritorio-pt-pt-2","13":"product_tag-escritorio-pt-pt","14":"product_tag-impresion-3d-a-coruna-pt-pt","15":"product_tag-impresion-3d-coruna-pt-pt","16":"product_tag-lapis-pt-pt-2","17":"product_tag-memoria-pt-pt","18":"product_tag-pendrive-pt-pt","19":"product_tag-personalizado-pt-pt","20":"product_tag-presente-pt-pt","21":"product_tag-sala-de-aula","22":"product_tag-usb-pt-pt","23":"product_tag-volta-ao-colegio","24":"product_tag-volta-as-aulas-pt-pt","26":"first","27":"instock","28":"taxable","29":"shipping-taxable","30":"purchasable","31":"product-type-variable"},"exclude_global_add_ons":true,"addons":[{"name":"Texto personalizado","type":"custom_text","position":0,"required":true,"title_format":"label","default":"","description_enable":true,"description":"**Texto que levar\u00e1 o objeto no momento de imprimilo (8 caracteres m\u00e1ximo)","placeholder_enable":false,"placeholder":"","display":"select","restrictions_type":"any_text","adjust_price":false,"price":"","price_type":"flat_fee","restrictions":true,"min":"0","max":"8","options":[]}],"_links":{"self":[{"href":"https:\/\/test.imprimetresde.com\/pt-pt\/wp-json\/wp\/v2\/product\/8601","targetHints":{"allow":["GET"]}}],"collection":[{"href":"https:\/\/test.imprimetresde.com\/pt-pt\/wp-json\/wp\/v2\/product"}],"about":[{"href":"https:\/\/test.imprimetresde.com\/pt-pt\/wp-json\/wp\/v2\/types\/product"}],"replies":[{"embeddable":true,"href":"https:\/\/test.imprimetresde.com\/pt-pt\/wp-json\/wp\/v2\/comments?post=8601"}],"wp:featuredmedia":[{"embeddable":true,"href":"https:\/\/test.imprimetresde.com\/pt-pt\/wp-json\/wp\/v2\/media\/8375"}],"wp:attachment":[{"href":"https:\/\/test.imprimetresde.com\/pt-pt\/wp-json\/wp\/v2\/media?parent=8601"}],"wp:term":[{"taxonomy":"product_brand","embeddable":true,"href":"https:\/\/test.imprimetresde.com\/pt-pt\/wp-json\/wp\/v2\/product_brand?post=8601"},{"taxonomy":"product_cat","embeddable":true,"href":"https:\/\/test.imprimetresde.com\/pt-pt\/wp-json\/wp\/v2\/product_cat?post=8601"},{"taxonomy":"product_tag","embeddable":true,"href":"https:\/\/test.imprimetresde.com\/pt-pt\/wp-json\/wp\/v2\/product_tag?post=8601"}],"curies":[{"name":"wp","href":"https:\/\/api.w.org\/{rel}","templated":true}]}}

<p>Pendrive Personalizado 32 Gb desenhado pela equipa de <a href="https://test.imprimetresde.com/gl/">Imprimetresde </a>, é ideal para dar como presente. Personalize um pen drive com seu nome ou para tornar o presente mais original. Peça-nos para incorporar outros designs .</p>
<p>* O material em que é feito é<a href="https://test.imprimetresde.com/nuestro-material-de-impresion-el-pla-polimero-biodegradable-procedente-de-recursos-vegetales/">PLA</a> , material de matéria vegetal, <a href="https://es.wikipedia.org/wiki/Biodegradabilidad">biodegradável</a>, não tóxico e ecológico.</p>

<p>Pendrive Personalizado 32 Gb desenhado pela equipa de <a href="https://test.imprimetresde.com/gl/">Imprimetresde </a>, é ideal para dar como presente. Personalize um pen drive com seu nome ou para tornar o presente mais original. Peça-nos para incorporar outros designs .</p>

**Texto que levará o objeto no momento de imprimilo (8 caracteres máximo)
