{"id":9908,"date":"2020-08-12T17:11:49","date_gmt":"2020-08-12T15:11:49","guid":{"rendered":"https:\/\/test.imprimetresde.com\/producto\/brincos-sardinhas\/"},"modified":"2025-09-17T11:52:08","modified_gmt":"2025-09-17T09:52:08","slug":"brincos-sardinhas","status":"publish","type":"product","link":"https:\/\/test.imprimetresde.com\/pt-pt\/producto\/brincos-sardinhas\/","title":{"rendered":"Brincos Sardinhas"},"content":{"rendered":"<p>Brincos Sardinhas, design I3D original. Lindos brincos com o raspar de uma sardinha t\u00e3o t\u00edpica das nossas costas. Para si ou de presente, orgulhe-se de um peda\u00e7o do nosso mar!<\/p>\n<p>*O material no qual \u00e9 feito \u00e9 PLA, material de mat\u00e9ria vegetal, biodegrad\u00e1vel, n\u00e3o t\u00f3xico e ecol\u00f3gico<\/p>\n<p><script src=\"moz-extension:\/\/5bdaac7b-9cd7-491b-8ff4-ed31f89b43b7\/js\/app.js\" type=\"text\/javascript\"><\/script><\/p>\n","protected":false},"excerpt":{"rendered":"<p>Brincos Sardinhas, design I3D original. Lindos brincos com o raspar de uma sardinha t\u00e3o t\u00edpica das nossas costas. Para si ou de presente, orgulhe-se de um peda\u00e7o do nosso mar!<\/p>\n<p><script src=\"moz-extension:\/\/5bdaac7b-9cd7-491b-8ff4-ed31f89b43b7\/js\/app.js\" type=\"text\/javascript\"><\/script><\/p>\n","protected":false},"featured_media":8027,"comment_status":"open","ping_status":"closed","template":"","meta":{"_vp_format_video_url":"","_vp_image_focal_point":[]},"product_brand":[],"product_cat":[1313,1042,996],"product_tag":[1139,2920,1704,1703,2552,2551,2923,1706,2922,1710,1077,1136,1711,2921,1709,1707,2169],"class_list":{"0":"post-9908","1":"product","2":"type-product","3":"status-publish","4":"has-post-thumbnail","6":"product_cat-brincos","7":"product_cat-complementos-pt-pt","8":"product_cat-cultura-pt-pt","9":"product_tag-dia-da-mae-pt-pt","10":"product_tag-furancho-pt-pt","11":"product_tag-galicia-pt-pt","12":"product_tag-galiza-pt-pt","13":"product_tag-impresion-3d-a-coruna-pt-pt","14":"product_tag-impresion-3d-coruna-pt-pt","15":"product_tag-lumeiradas-pt-pt","16":"product_tag-mar-pt-pt","17":"product_tag-noite-meiga-pt-pt","18":"product_tag-peixe-pt-pt-2","19":"product_tag-pingente-pt-pt","20":"product_tag-pingente-pt-pt-2","21":"product_tag-raspar","22":"product_tag-riazor-pt-pt","23":"product_tag-san-xoan-pt-pt","24":"product_tag-sardinha","25":"product_tag-souvenir-pt-pt","27":"first","28":"instock","29":"sale","30":"taxable","31":"shipping-taxable","32":"purchasable","33":"product-type-variable"},"exclude_global_add_ons":false,"addons":[{"name":"Material de las fornituras (opcional)","type":"checkbox","position":0,"required":false,"title_format":"label","default":"","description_enable":true,"description":"Opci\u00f3n de incorporar fornituras de plata 925, de primera ley.","placeholder_enable":false,"placeholder":"","display":"select","restrictions_type":"any_text","adjust_price":false,"price":"","price_type":"flat_fee","restrictions":false,"min":"0","max":"0","options":[{"label":"Plata","price":"5","price_type":"flat_fee","image":0,"visibility":true}]}],"_links":{"self":[{"href":"https:\/\/test.imprimetresde.com\/pt-pt\/wp-json\/wp\/v2\/product\/9908","targetHints":{"allow":["GET"]}}],"collection":[{"href":"https:\/\/test.imprimetresde.com\/pt-pt\/wp-json\/wp\/v2\/product"}],"about":[{"href":"https:\/\/test.imprimetresde.com\/pt-pt\/wp-json\/wp\/v2\/types\/product"}],"replies":[{"embeddable":true,"href":"https:\/\/test.imprimetresde.com\/pt-pt\/wp-json\/wp\/v2\/comments?post=9908"}],"wp:featuredmedia":[{"embeddable":true,"href":"https:\/\/test.imprimetresde.com\/pt-pt\/wp-json\/wp\/v2\/media\/8027"}],"wp:attachment":[{"href":"https:\/\/test.imprimetresde.com\/pt-pt\/wp-json\/wp\/v2\/media?parent=9908"}],"wp:term":[{"taxonomy":"product_brand","embeddable":true,"href":"https:\/\/test.imprimetresde.com\/pt-pt\/wp-json\/wp\/v2\/product_brand?post=9908"},{"taxonomy":"product_cat","embeddable":true,"href":"https:\/\/test.imprimetresde.com\/pt-pt\/wp-json\/wp\/v2\/product_cat?post=9908"},{"taxonomy":"product_tag","embeddable":true,"href":"https:\/\/test.imprimetresde.com\/pt-pt\/wp-json\/wp\/v2\/product_tag?post=9908"}],"curies":[{"name":"wp","href":"https:\/\/api.w.org\/{rel}","templated":true}]}}

<p>Brincos Sardinhas, design I3D original. Lindos brincos com o raspar de uma sardinha tão típica das nossas costas. Para si ou de presente, orgulhe-se de um pedaço do nosso mar!</p>
<p>*O material no qual é feito é PLA, material de matéria vegetal, biodegradável, não tóxico e ecológico</p>
<p><script src="moz-extension://5bdaac7b-9cd7-491b-8ff4-ed31f89b43b7/js/app.js" type="text/javascript"></script></p>

<p>Brincos Sardinhas, design I3D original. Lindos brincos com o raspar de uma sardinha tão típica das nossas costas. Para si ou de presente, orgulhe-se de um pedaço do nosso mar!</p>
<p><script src="moz-extension://5bdaac7b-9cd7-491b-8ff4-ed31f89b43b7/js/app.js" type="text/javascript"></script></p>

Opción de incorporar fornituras de plata 925, de primera ley.
